{"id":442,"date":"2025-05-08T00:15:36","date_gmt":"2025-05-07T21:15:36","guid":{"rendered":"https:\/\/vereinrhein.ch\/?page_id=442"},"modified":"2025-05-08T00:43:03","modified_gmt":"2025-05-07T21:43:03","slug":"presse-uber-uns","status":"publish","type":"page","link":"https:\/\/vereinrhein.ch\/?page_id=442","title":{"rendered":"Presse \u00fcber uns"},"content":{"rendered":"\t\t<div data-elementor-type=\"wp-page\" data-elementor-id=\"442\" class=\"elementor elementor-442\" data-elementor-post-type=\"page\">\n\t\t\t\t<div class=\"elementor-element elementor-element-a48b626 e-con-full e-flex e-con e-parent\" data-id=\"a48b626\" data-element_type=\"container\" data-e-type=\"container\" data-settings=\"{&quot;ekit_has_onepagescroll_dot&quot;:&quot;yes&quot;}\">\n\t\t<div class=\"elementor-element elementor-element-3802364 e-con-full e-flex e-con e-child\" data-id=\"3802364\" data-element_type=\"container\" data-e-type=\"container\" data-settings=\"{&quot;ekit_has_onepagescroll_dot&quot;:&quot;yes&quot;}\">\n\t\t\t\t<div class=\"elementor-element elementor-element-a44175f elementor-widget elementor-widget-image\" data-id=\"a44175f\" data-element_type=\"widget\" data-e-type=\"widget\" data-settings=\"{&quot;ekit_we_effect_on&quot;:&quot;none&quot;}\" data-widget_type=\"image.default\">\n\t\t\t\t<div class=\"elementor-widget-container\">\n\t\t\t\t\t\t\t\t\t\t\t\t\t\t\t<img fetchpriority=\"high\" decoding=\"async\" width=\"800\" height=\"707\" src=\"https:\/\/vereinrhein.ch\/wp-content\/uploads\/2025\/05\/Ekran-goruntusu-2025-05-07-231306-1024x905.png\" class=\"attachment-large size-large wp-image-445\" alt=\"\" srcset=\"https:\/\/vereinrhein.ch\/wp-content\/uploads\/2025\/05\/Ekran-goruntusu-2025-05-07-231306-1024x905.png 1024w, https:\/\/vereinrhein.ch\/wp-content\/uploads\/2025\/05\/Ekran-goruntusu-2025-05-07-231306-300x265.png 300w, https:\/\/vereinrhein.ch\/wp-content\/uploads\/2025\/05\/Ekran-goruntusu-2025-05-07-231306-768x679.png 768w, https:\/\/vereinrhein.ch\/wp-content\/uploads\/2025\/05\/Ekran-goruntusu-2025-05-07-231306.png 1228w\" sizes=\"(max-width: 800px) 100vw, 800px\" \/>\t\t\t\t\t\t\t\t\t\t\t\t\t\t\t<\/div>\n\t\t\t\t<\/div>\n\t\t\t\t<div class=\"elementor-element elementor-element-4f12ab4 elementor-widget elementor-widget-heading\" data-id=\"4f12ab4\" data-element_type=\"widget\" data-e-type=\"widget\" data-settings=\"{&quot;ekit_we_effect_on&quot;:&quot;none&quot;}\" data-widget_type=\"heading.default\">\n\t\t\t\t<div class=\"elementor-widget-container\">\n\t\t\t\t\t<h4 class=\"elementor-heading-title elementor-size-default\">Vilan24: Kinderfest 2024 in Chur<\/h4>\t\t\t\t<\/div>\n\t\t\t\t<\/div>\n\t\t\t\t<div class=\"elementor-element elementor-element-cce9c61 elementor-widget elementor-widget-text-editor\" data-id=\"cce9c61\" data-element_type=\"widget\" data-e-type=\"widget\" data-settings=\"{&quot;ekit_we_effect_on&quot;:&quot;none&quot;}\" data-widget_type=\"text-editor.default\">\n\t\t\t\t<div class=\"elementor-widget-container\">\n\t\t\t\t\t\t\t\t\t<p>Vielfalt feiern, Hoffnung teilen\u201c \u2013 unter diesem Motto treffen sich am 17. August \u00fcber 100 Kinder aus mehr als zehn Nationen auf dem Spielplatz Haldenstein. Das Fest f\u00f6rdert Begegnung, Freundschaft und kulturellen Austausch \u2013 ganz im Sinne der Integration.<\/p>\t\t\t\t\t\t\t\t<\/div>\n\t\t\t\t<\/div>\n\t\t\t\t<div class=\"elementor-element elementor-element-d03ca81 elementor-widget elementor-widget-button\" data-id=\"d03ca81\" data-element_type=\"widget\" data-e-type=\"widget\" data-settings=\"{&quot;ekit_we_effect_on&quot;:&quot;none&quot;}\" data-widget_type=\"button.default\">\n\t\t\t\t<div class=\"elementor-widget-container\">\n\t\t\t\t\t\t\t\t\t<div class=\"elementor-button-wrapper\">\n\t\t\t\t\t<a class=\"elementor-button elementor-button-link elementor-size-sm\" href=\"https:\/\/vilan24.ch\/articles\/265575-kinderfest-2024-unter-dem-motto-vielfalt-feiern-hoffnung-teilen\">\n\t\t\t\t\t\t<span class=\"elementor-button-content-wrapper\">\n\t\t\t\t\t\t\t\t\t<span class=\"elementor-button-text\">Zum ganzen Artikel !<\/span>\n\t\t\t\t\t<\/span>\n\t\t\t\t\t<\/a>\n\t\t\t\t<\/div>\n\t\t\t\t\t\t\t\t<\/div>\n\t\t\t\t<\/div>\n\t\t\t\t<\/div>\n\t\t<div class=\"elementor-element elementor-element-6fcb7a4 e-con-full e-flex e-con e-child\" data-id=\"6fcb7a4\" data-element_type=\"container\" data-e-type=\"container\" data-settings=\"{&quot;ekit_has_onepagescroll_dot&quot;:&quot;yes&quot;}\">\n\t\t\t\t<div class=\"elementor-element elementor-element-84883ae elementor-widget elementor-widget-image\" data-id=\"84883ae\" data-element_type=\"widget\" data-e-type=\"widget\" data-settings=\"{&quot;ekit_we_effect_on&quot;:&quot;none&quot;}\" data-widget_type=\"image.default\">\n\t\t\t\t<div class=\"elementor-widget-container\">\n\t\t\t\t\t\t\t\t\t\t\t\t\t\t\t<img decoding=\"async\" width=\"800\" height=\"707\" src=\"https:\/\/vereinrhein.ch\/wp-content\/uploads\/2025\/05\/Kinderfest-1024x905.png\" class=\"attachment-large size-large wp-image-448\" alt=\"\" srcset=\"https:\/\/vereinrhein.ch\/wp-content\/uploads\/2025\/05\/Kinderfest-1024x905.png 1024w, https:\/\/vereinrhein.ch\/wp-content\/uploads\/2025\/05\/Kinderfest-300x265.png 300w, https:\/\/vereinrhein.ch\/wp-content\/uploads\/2025\/05\/Kinderfest-768x679.png 768w, https:\/\/vereinrhein.ch\/wp-content\/uploads\/2025\/05\/Kinderfest.png 1228w\" sizes=\"(max-width: 800px) 100vw, 800px\" \/>\t\t\t\t\t\t\t\t\t\t\t\t\t\t\t<\/div>\n\t\t\t\t<\/div>\n\t\t\t\t<div class=\"elementor-element elementor-element-725d353 elementor-widget elementor-widget-heading\" data-id=\"725d353\" data-element_type=\"widget\" data-e-type=\"widget\" data-settings=\"{&quot;ekit_we_effect_on&quot;:&quot;none&quot;}\" data-widget_type=\"heading.default\">\n\t\t\t\t<div class=\"elementor-widget-container\">\n\t\t\t\t\t<h4 class=\"elementor-heading-title elementor-size-default\">100+ Kinder beim Fest in Chur<\/h4>\t\t\t\t<\/div>\n\t\t\t\t<\/div>\n\t\t\t\t<div class=\"elementor-element elementor-element-0c6a19f elementor-widget elementor-widget-text-editor\" data-id=\"0c6a19f\" data-element_type=\"widget\" data-e-type=\"widget\" data-settings=\"{&quot;ekit_we_effect_on&quot;:&quot;none&quot;}\" data-widget_type=\"text-editor.default\">\n\t\t\t\t<div class=\"elementor-widget-container\">\n\t\t\t\t\t\t\t\t\t<p>Am 17. August wird der Spielplatz Haldenstein zum Treffpunkt f\u00fcr Kinder aus \u00fcber zehn Nationen. Das Kinderfest l\u00e4dt zum gemeinsamen Feiern und interkulturellen Miteinander ein \u2013 ein starkes Zeichen f\u00fcr Integration.<\/p>\t\t\t\t\t\t\t\t<\/div>\n\t\t\t\t<\/div>\n\t\t\t\t<div class=\"elementor-element elementor-element-535c4a5 elementor-widget elementor-widget-button\" data-id=\"535c4a5\" data-element_type=\"widget\" data-e-type=\"widget\" data-settings=\"{&quot;ekit_we_effect_on&quot;:&quot;none&quot;}\" data-widget_type=\"button.default\">\n\t\t\t\t<div class=\"elementor-widget-container\">\n\t\t\t\t\t\t\t\t\t<div class=\"elementor-button-wrapper\">\n\t\t\t\t\t<a class=\"elementor-button elementor-button-link elementor-size-sm\" href=\"https:\/\/www.suedostschweiz.ch\/graubuenden\/kulturelle-vielfalt-am-kinderfest-in-chur-spielen-100-kinder-aus-mehr-als-zehn-nationen\">\n\t\t\t\t\t\t<span class=\"elementor-button-content-wrapper\">\n\t\t\t\t\t\t\t\t\t<span class=\"elementor-button-text\">Zum ganzen Artikel !<\/span>\n\t\t\t\t\t<\/span>\n\t\t\t\t\t<\/a>\n\t\t\t\t<\/div>\n\t\t\t\t\t\t\t\t<\/div>\n\t\t\t\t<\/div>\n\t\t\t\t<\/div>\n\t\t\t\t<\/div>\n\t\t\t\t<\/div>\n\t\t","protected":false},"excerpt":{"rendered":"<p>Vilan24: Kinderfest 2024 in Chur Vielfalt feiern, Hoffnung teilen\u201c \u2013 unter diesem Motto treffen sich am 17. August \u00fcber 100 Kinder aus mehr als zehn Nationen auf dem Spielplatz Haldenstein. Das Fest f\u00f6rdert Begegnung, Freundschaft und kulturellen Austausch \u2013 ganz im Sinne der Integration. Zum ganzen Artikel ! 100+ Kinder beim Fest in Chur Am [&hellip;]<\/p>\n","protected":false},"author":1,"featured_media":0,"parent":0,"menu_order":0,"comment_status":"closed","ping_status":"closed","template":"","meta":{"footnotes":""},"class_list":["post-442","page","type-page","status-publish","hentry"],"_links":{"self":[{"href":"https:\/\/vereinrhein.ch\/index.php?rest_route=\/wp\/v2\/pages\/442","targetHints":{"allow":["GET"]}}],"collection":[{"href":"https:\/\/vereinrhein.ch\/index.php?rest_route=\/wp\/v2\/pages"}],"about":[{"href":"https:\/\/vereinrhein.ch\/index.php?rest_route=\/wp\/v2\/types\/page"}],"author":[{"embeddable":true,"href":"https:\/\/vereinrhein.ch\/index.php?rest_route=\/wp\/v2\/users\/1"}],"replies":[{"embeddable":true,"href":"https:\/\/vereinrhein.ch\/index.php?rest_route=%2Fwp%2Fv2%2Fcomments&post=442"}],"version-history":[{"count":10,"href":"https:\/\/vereinrhein.ch\/index.php?rest_route=\/wp\/v2\/pages\/442\/revisions"}],"predecessor-version":[{"id":459,"href":"https:\/\/vereinrhein.ch\/index.php?rest_route=\/wp\/v2\/pages\/442\/revisions\/459"}],"wp:attachment":[{"href":"https:\/\/vereinrhein.ch\/index.php?rest_route=%2Fwp%2Fv2%2Fmedia&parent=442"}],"curies":[{"name":"wp","href":"https:\/\/api.w.org\/{rel}","templated":true}]}}

Presse über uns

<div data-elementor-type="wp-page" data-elementor-id="442" class="elementor elementor-442" data-elementor-post-type="page">
				<div class="elementor-element elementor-element-a48b626 e-con-full e-flex e-con e-parent" data-id="a48b626" data-element_type="container" data-e-type="container" data-settings="{&quot;ekit_has_onepagescroll_dot&quot;:&quot;yes&quot;}">
		<div class="elementor-element elementor-element-3802364 e-con-full e-flex e-con e-child" data-id="3802364" data-element_type="container" data-e-type="container" data-settings="{&quot;ekit_has_onepagescroll_dot&quot;:&quot;yes&quot;}">
				<div class="elementor-element elementor-element-a44175f elementor-widget elementor-widget-image" data-id="a44175f" data-element_type="widget" data-e-type="widget" data-settings="{&quot;ekit_we_effect_on&quot;:&quot;none&quot;}" data-widget_type="image.default">
				<div class="elementor-widget-container">
															<img fetchpriority="high" decoding="async" width="800" height="707" src="https://vereinrhein.ch/wp-content/uploads/2025/05/Ekran-goruntusu-2025-05-07-231306-1024x905.png" class="attachment-large size-large wp-image-445" alt="" srcset="https://vereinrhein.ch/wp-content/uploads/2025/05/Ekran-goruntusu-2025-05-07-231306-1024x905.png 1024w, https://vereinrhein.ch/wp-content/uploads/2025/05/Ekran-goruntusu-2025-05-07-231306-300x265.png 300w, https://vereinrhein.ch/wp-content/uploads/2025/05/Ekran-goruntusu-2025-05-07-231306-768x679.png 768w, https://vereinrhein.ch/wp-content/uploads/2025/05/Ekran-goruntusu-2025-05-07-231306.png 1228w" sizes="(max-width: 800px) 100vw, 800px" />															</div>
				</div>
				<div class="elementor-element elementor-element-4f12ab4 elementor-widget elementor-widget-heading" data-id="4f12ab4" data-element_type="widget" data-e-type="widget" data-settings="{&quot;ekit_we_effect_on&quot;:&quot;none&quot;}" data-widget_type="heading.default">
				<div class="elementor-widget-container">
					<h4 class="elementor-heading-title elementor-size-default">Vilan24: Kinderfest 2024 in Chur</h4>				</div>
				</div>
				<div class="elementor-element elementor-element-cce9c61 elementor-widget elementor-widget-text-editor" data-id="cce9c61" data-element_type="widget" data-e-type="widget" data-settings="{&quot;ekit_we_effect_on&quot;:&quot;none&quot;}" data-widget_type="text-editor.default">
				<div class="elementor-widget-container">
									<p>Vielfalt feiern, Hoffnung teilen“ – unter diesem Motto treffen sich am 17. August über 100 Kinder aus mehr als zehn Nationen auf dem Spielplatz Haldenstein. Das Fest fördert Begegnung, Freundschaft und kulturellen Austausch – ganz im Sinne der Integration.</p>								</div>
				</div>
				<div class="elementor-element elementor-element-d03ca81 elementor-widget elementor-widget-button" data-id="d03ca81" data-element_type="widget" data-e-type="widget" data-settings="{&quot;ekit_we_effect_on&quot;:&quot;none&quot;}" data-widget_type="button.default">
				<div class="elementor-widget-container">
									<div class="elementor-button-wrapper">
					<a class="elementor-button elementor-button-link elementor-size-sm" href="https://vilan24.ch/articles/265575-kinderfest-2024-unter-dem-motto-vielfalt-feiern-hoffnung-teilen">
						<span class="elementor-button-content-wrapper">
									<span class="elementor-button-text">Zum ganzen Artikel !</span>
					</span>
					</a>
				</div>
								</div>
				</div>
				</div>
		<div class="elementor-element elementor-element-6fcb7a4 e-con-full e-flex e-con e-child" data-id="6fcb7a4" data-element_type="container" data-e-type="container" data-settings="{&quot;ekit_has_onepagescroll_dot&quot;:&quot;yes&quot;}">
				<div class="elementor-element elementor-element-84883ae elementor-widget elementor-widget-image" data-id="84883ae" data-element_type="widget" data-e-type="widget" data-settings="{&quot;ekit_we_effect_on&quot;:&quot;none&quot;}" data-widget_type="image.default">
				<div class="elementor-widget-container">
															<img decoding="async" width="800" height="707" src="https://vereinrhein.ch/wp-content/uploads/2025/05/Kinderfest-1024x905.png" class="attachment-large size-large wp-image-448" alt="" srcset="https://vereinrhein.ch/wp-content/uploads/2025/05/Kinderfest-1024x905.png 1024w, https://vereinrhein.ch/wp-content/uploads/2025/05/Kinderfest-300x265.png 300w, https://vereinrhein.ch/wp-content/uploads/2025/05/Kinderfest-768x679.png 768w, https://vereinrhein.ch/wp-content/uploads/2025/05/Kinderfest.png 1228w" sizes="(max-width: 800px) 100vw, 800px" />															</div>
				</div>
				<div class="elementor-element elementor-element-725d353 elementor-widget elementor-widget-heading" data-id="725d353" data-element_type="widget" data-e-type="widget" data-settings="{&quot;ekit_we_effect_on&quot;:&quot;none&quot;}" data-widget_type="heading.default">
				<div class="elementor-widget-container">
					<h4 class="elementor-heading-title elementor-size-default">100+ Kinder beim Fest in Chur</h4>				</div>
				</div>
				<div class="elementor-element elementor-element-0c6a19f elementor-widget elementor-widget-text-editor" data-id="0c6a19f" data-element_type="widget" data-e-type="widget" data-settings="{&quot;ekit_we_effect_on&quot;:&quot;none&quot;}" data-widget_type="text-editor.default">
				<div class="elementor-widget-container">
									<p>Am 17. August wird der Spielplatz Haldenstein zum Treffpunkt für Kinder aus über zehn Nationen. Das Kinderfest lädt zum gemeinsamen Feiern und interkulturellen Miteinander ein – ein starkes Zeichen für Integration.</p>								</div>
				</div>
				<div class="elementor-element elementor-element-535c4a5 elementor-widget elementor-widget-button" data-id="535c4a5" data-element_type="widget" data-e-type="widget" data-settings="{&quot;ekit_we_effect_on&quot;:&quot;none&quot;}" data-widget_type="button.default">
				<div class="elementor-widget-container">
									<div class="elementor-button-wrapper">
					<a class="elementor-button elementor-button-link elementor-size-sm" href="https://www.suedostschweiz.ch/graubuenden/kulturelle-vielfalt-am-kinderfest-in-chur-spielen-100-kinder-aus-mehr-als-zehn-nationen">
						<span class="elementor-button-content-wrapper">
									<span class="elementor-button-text">Zum ganzen Artikel !</span>
					</span>
					</a>
				</div>
								</div>
				</div>
				</div>
				</div>
				</div>

<p>Vilan24: Kinderfest 2024 in Chur Vielfalt feiern, Hoffnung teilen“ – unter diesem Motto treffen sich am 17. August über 100 Kinder aus mehr als zehn Nationen auf dem Spielplatz Haldenstein. Das Fest fördert Begegnung, Freundschaft und kulturellen Austausch – ganz im Sinne der Integration. Zum ganzen Artikel ! 100+ Kinder beim Fest in Chur Am [&hellip;]</p>
