{"id":153,"date":"2025-05-05T01:58:29","date_gmt":"2025-05-04T22:58:29","guid":{"rendered":"https:\/\/vereinrhein.ch\/?page_id=153"},"modified":"2025-06-04T22:42:19","modified_gmt":"2025-06-04T19:42:19","slug":"jugendkommission","status":"publish","type":"page","link":"https:\/\/vereinrhein.ch\/?page_id=153","title":{"rendered":"Jugendkommission"},"content":{"rendered":"\t\t<div data-elementor-type=\"wp-page\" data-elementor-id=\"153\" class=\"elementor elementor-153\" data-elementor-post-type=\"page\">\n\t\t\t\t<div class=\"elementor-element elementor-element-86b0a5e e-con-full e-flex e-con e-parent\" data-id=\"86b0a5e\" data-element_type=\"container\" data-e-type=\"container\" data-settings=\"{&quot;ekit_has_onepagescroll_dot&quot;:&quot;yes&quot;}\">\n\t\t<div class=\"elementor-element elementor-element-030ce4d e-con-full e-flex e-con e-child\" data-id=\"030ce4d\" data-element_type=\"container\" data-e-type=\"container\" data-settings=\"{&quot;ekit_has_onepagescroll_dot&quot;:&quot;yes&quot;}\">\n\t\t\t\t<div class=\"elementor-element elementor-element-2e9b38f elementor-widget elementor-widget-heading\" data-id=\"2e9b38f\" data-element_type=\"widget\" data-e-type=\"widget\" data-settings=\"{&quot;ekit_we_effect_on&quot;:&quot;none&quot;}\" data-widget_type=\"heading.default\">\n\t\t\t\t<div class=\"elementor-widget-container\">\n\t\t\t\t\t<h2 class=\"elementor-heading-title elementor-size-default\">Jugendkommission<\/h2>\t\t\t\t<\/div>\n\t\t\t\t<\/div>\n\t\t\t\t<div class=\"elementor-element elementor-element-4daff63 elementor-widget elementor-widget-text-editor\" data-id=\"4daff63\" data-element_type=\"widget\" data-e-type=\"widget\" data-settings=\"{&quot;ekit_we_effect_on&quot;:&quot;none&quot;}\" data-widget_type=\"text-editor.default\">\n\t\t\t\t<div class=\"elementor-widget-container\">\n\t\t\t\t\t\t\t\t\t<div id=\"content\" class=\"l-section l-section--text odd\"><div class=\"u-grid u-grid--3 u-limiter\"><div class=\"u-grid__item--2-3\"><p>In der heutigen schnelllebigen Welt ist es wichtig, dass Jugendliche die M\u00f6glichkeit haben, in ihrer Gemeinschaft aktiv zu sein. Jugendliche Arbeitsgruppen bieten eine Plattform, auf der junge Menschen ihre Ideen einbringen und gemeinsam an Projekten arbeiten k\u00f6nnen, die nicht nur ihre pers\u00f6nlichen F\u00e4higkeiten verbessern, sondern auch einen positiven Einfluss auf ihre Umgebung haben. Solche Gruppen f\u00f6rdern den Gemeinschaftssinn und das Verantwortungsbewusstsein und helfen den Jugendlichen, wichtige soziale und berufliche Kompetenzen zu entwickeln. Durch die Zusammenarbeit in einer vielf\u00e4ltigen Gruppe lernen sie, Unterschiede zu sch\u00e4tzen und gemeinsame Ziele zu erreichen. Die Arbeit in Jugendgruppen ist eine Investition in die Zukunft, da sie jungen Menschen hilft, zu aktiven und engagierten B\u00fcrgern zu werden.<\/p><\/div><\/div><\/div><div class=\"l-section l-section--c_slider even\"><div class=\"m-slider u-limiter\">\u00a0<\/div><\/div>\t\t\t\t\t\t\t\t<\/div>\n\t\t\t\t<\/div>\n\t\t\t\t<\/div>\n\t\t<div class=\"elementor-element elementor-element-6ffd6fd e-con-full e-flex e-con e-child\" data-id=\"6ffd6fd\" data-element_type=\"container\" data-e-type=\"container\" data-settings=\"{&quot;background_background&quot;:&quot;classic&quot;,&quot;ekit_has_onepagescroll_dot&quot;:&quot;yes&quot;}\">\n\t\t\t\t<\/div>\n\t\t\t\t<\/div>\n\t\t\t\t<\/div>\n\t\t","protected":false},"excerpt":{"rendered":"<p>Jugendkommission In der heutigen schnelllebigen Welt ist es wichtig, dass Jugendliche die M\u00f6glichkeit haben, in ihrer Gemeinschaft aktiv zu sein. Jugendliche Arbeitsgruppen bieten eine Plattform, auf der junge Menschen ihre Ideen einbringen und gemeinsam an Projekten arbeiten k\u00f6nnen, die nicht nur ihre pers\u00f6nlichen F\u00e4higkeiten verbessern, sondern auch einen positiven Einfluss auf ihre Umgebung haben. Solche [&hellip;]<\/p>\n","protected":false},"author":1,"featured_media":0,"parent":0,"menu_order":0,"comment_status":"closed","ping_status":"closed","template":"","meta":{"footnotes":""},"class_list":["post-153","page","type-page","status-publish","hentry"],"_links":{"self":[{"href":"https:\/\/vereinrhein.ch\/index.php?rest_route=\/wp\/v2\/pages\/153","targetHints":{"allow":["GET"]}}],"collection":[{"href":"https:\/\/vereinrhein.ch\/index.php?rest_route=\/wp\/v2\/pages"}],"about":[{"href":"https:\/\/vereinrhein.ch\/index.php?rest_route=\/wp\/v2\/types\/page"}],"author":[{"embeddable":true,"href":"https:\/\/vereinrhein.ch\/index.php?rest_route=\/wp\/v2\/users\/1"}],"replies":[{"embeddable":true,"href":"https:\/\/vereinrhein.ch\/index.php?rest_route=%2Fwp%2Fv2%2Fcomments&post=153"}],"version-history":[{"count":4,"href":"https:\/\/vereinrhein.ch\/index.php?rest_route=\/wp\/v2\/pages\/153\/revisions"}],"predecessor-version":[{"id":648,"href":"https:\/\/vereinrhein.ch\/index.php?rest_route=\/wp\/v2\/pages\/153\/revisions\/648"}],"wp:attachment":[{"href":"https:\/\/vereinrhein.ch\/index.php?rest_route=%2Fwp%2Fv2%2Fmedia&parent=153"}],"curies":[{"name":"wp","href":"https:\/\/api.w.org\/{rel}","templated":true}]}}

<div data-elementor-type="wp-page" data-elementor-id="153" class="elementor elementor-153" data-elementor-post-type="page">
				<div class="elementor-element elementor-element-86b0a5e e-con-full e-flex e-con e-parent" data-id="86b0a5e" data-element_type="container" data-e-type="container" data-settings="{&quot;ekit_has_onepagescroll_dot&quot;:&quot;yes&quot;}">
		<div class="elementor-element elementor-element-030ce4d e-con-full e-flex e-con e-child" data-id="030ce4d" data-element_type="container" data-e-type="container" data-settings="{&quot;ekit_has_onepagescroll_dot&quot;:&quot;yes&quot;}">
				<div class="elementor-element elementor-element-2e9b38f elementor-widget elementor-widget-heading" data-id="2e9b38f" data-element_type="widget" data-e-type="widget" data-settings="{&quot;ekit_we_effect_on&quot;:&quot;none&quot;}" data-widget_type="heading.default">
				<div class="elementor-widget-container">
					<h2 class="elementor-heading-title elementor-size-default">Jugendkommission</h2>				</div>
				</div>
				<div class="elementor-element elementor-element-4daff63 elementor-widget elementor-widget-text-editor" data-id="4daff63" data-element_type="widget" data-e-type="widget" data-settings="{&quot;ekit_we_effect_on&quot;:&quot;none&quot;}" data-widget_type="text-editor.default">
				<div class="elementor-widget-container">
									<div id="content" class="l-section l-section--text odd"><div class="u-grid u-grid--3 u-limiter"><div class="u-grid__item--2-3"><p>In der heutigen schnelllebigen Welt ist es wichtig, dass Jugendliche die Möglichkeit haben, in ihrer Gemeinschaft aktiv zu sein. Jugendliche Arbeitsgruppen bieten eine Plattform, auf der junge Menschen ihre Ideen einbringen und gemeinsam an Projekten arbeiten können, die nicht nur ihre persönlichen Fähigkeiten verbessern, sondern auch einen positiven Einfluss auf ihre Umgebung haben. Solche Gruppen fördern den Gemeinschaftssinn und das Verantwortungsbewusstsein und helfen den Jugendlichen, wichtige soziale und berufliche Kompetenzen zu entwickeln. Durch die Zusammenarbeit in einer vielfältigen Gruppe lernen sie, Unterschiede zu schätzen und gemeinsame Ziele zu erreichen. Die Arbeit in Jugendgruppen ist eine Investition in die Zukunft, da sie jungen Menschen hilft, zu aktiven und engagierten Bürgern zu werden.</p></div></div></div><div class="l-section l-section--c_slider even"><div class="m-slider u-limiter"> </div></div>								</div>
				</div>
				</div>
		<div class="elementor-element elementor-element-6ffd6fd e-con-full e-flex e-con e-child" data-id="6ffd6fd" data-element_type="container" data-e-type="container" data-settings="{&quot;background_background&quot;:&quot;classic&quot;,&quot;ekit_has_onepagescroll_dot&quot;:&quot;yes&quot;}">
				</div>
				</div>
				</div>

<p>Jugendkommission In der heutigen schnelllebigen Welt ist es wichtig, dass Jugendliche die Möglichkeit haben, in ihrer Gemeinschaft aktiv zu sein. Jugendliche Arbeitsgruppen bieten eine Plattform, auf der junge Menschen ihre Ideen einbringen und gemeinsam an Projekten arbeiten können, die nicht nur ihre persönlichen Fähigkeiten verbessern, sondern auch einen positiven Einfluss auf ihre Umgebung haben. Solche [&hellip;]</p>
