{"id":151,"date":"2025-05-05T01:57:42","date_gmt":"2025-05-04T22:57:42","guid":{"rendered":"https:\/\/vereinrhein.ch\/?page_id=151"},"modified":"2025-06-04T22:36:52","modified_gmt":"2025-06-04T19:36:52","slug":"dialog","status":"publish","type":"page","link":"https:\/\/vereinrhein.ch\/?page_id=151","title":{"rendered":"Dialog"},"content":{"rendered":"\t\t<div data-elementor-type=\"wp-page\" data-elementor-id=\"151\" class=\"elementor elementor-151\" data-elementor-post-type=\"page\">\n\t\t\t\t<div class=\"elementor-element elementor-element-dfafcd6 e-con-full e-flex e-con e-parent\" data-id=\"dfafcd6\" data-element_type=\"container\" data-e-type=\"container\" data-settings=\"{&quot;ekit_has_onepagescroll_dot&quot;:&quot;yes&quot;}\">\n\t\t<div class=\"elementor-element elementor-element-7009c6b e-con-full e-flex e-con e-child\" data-id=\"7009c6b\" data-element_type=\"container\" data-e-type=\"container\" data-settings=\"{&quot;ekit_has_onepagescroll_dot&quot;:&quot;yes&quot;}\">\n\t\t\t\t<div class=\"elementor-element elementor-element-4493acb elementor-widget elementor-widget-heading\" data-id=\"4493acb\" data-element_type=\"widget\" data-e-type=\"widget\" data-settings=\"{&quot;ekit_we_effect_on&quot;:&quot;none&quot;}\" data-widget_type=\"heading.default\">\n\t\t\t\t<div class=\"elementor-widget-container\">\n\t\t\t\t\t<h2 class=\"elementor-heading-title elementor-size-default\">Dialog<\/h2>\t\t\t\t<\/div>\n\t\t\t\t<\/div>\n\t\t\t\t<div class=\"elementor-element elementor-element-a9342f7 elementor-widget elementor-widget-text-editor\" data-id=\"a9342f7\" data-element_type=\"widget\" data-e-type=\"widget\" data-settings=\"{&quot;ekit_we_effect_on&quot;:&quot;none&quot;}\" data-widget_type=\"text-editor.default\">\n\t\t\t\t<div class=\"elementor-widget-container\">\n\t\t\t\t\t\t\t\t\t<p>In unserer globalisierten Welt ist der Dialog zwischen verschiedenen Kulturen unerl\u00e4sslich f\u00fcr den Aufbau von Verst\u00e4ndnis und Zusammenarbeit. Wenn Menschen aus verschiedenen Teilen der Welt zusammenkommen und ihre Perspektiven und Erfahrungen austauschen, entsteht eine reichere, vielf\u00e4ltigere Gemeinschaft.\u00a0<strong>Die Dialogkommission hat das Ziel, Br\u00fccken des Dialogs zu bauen und den friedlichen Zusammenhalt innerhalb der Gesellschaft zu f\u00f6rdern<\/strong><\/p><p>In unserer globalisierten Welt ist der Dialog zwischen verschiedenen Kulturen unerl\u00e4sslich f\u00fcr den Aufbau von Verst\u00e4ndnis und Zusammenarbeit. Wenn Menschen aus verschiedenen Teilen der Welt zusammenkommen und ihre Perspektiven und Erfahrungen austauschen, entsteht eine reichere, vielf\u00e4ltigere Gemeinschaft. Solche Dialoge f\u00f6rdern nicht nur die pers\u00f6nliche Bereicherung, sondern sind auch wesentlich f\u00fcr die L\u00f6sung globaler Probleme, die gemeinsames Handeln erfordern.<\/p>\t\t\t\t\t\t\t\t<\/div>\n\t\t\t\t<\/div>\n\t\t\t\t<\/div>\n\t\t<div class=\"elementor-element elementor-element-6cad6d8 e-con-full e-flex e-con e-child\" data-id=\"6cad6d8\" data-element_type=\"container\" data-e-type=\"container\" data-settings=\"{&quot;background_background&quot;:&quot;classic&quot;,&quot;ekit_has_onepagescroll_dot&quot;:&quot;yes&quot;}\">\n\t\t\t\t<\/div>\n\t\t\t\t<\/div>\n\t\t\t\t<\/div>\n\t\t","protected":false},"excerpt":{"rendered":"<p>Dialog In unserer globalisierten Welt ist der Dialog zwischen verschiedenen Kulturen unerl\u00e4sslich f\u00fcr den Aufbau von Verst\u00e4ndnis und Zusammenarbeit. Wenn Menschen aus verschiedenen Teilen der Welt zusammenkommen und ihre Perspektiven und Erfahrungen austauschen, entsteht eine reichere, vielf\u00e4ltigere Gemeinschaft.\u00a0Die Dialogkommission hat das Ziel, Br\u00fccken des Dialogs zu bauen und den friedlichen Zusammenhalt innerhalb der Gesellschaft zu [&hellip;]<\/p>\n","protected":false},"author":1,"featured_media":0,"parent":0,"menu_order":0,"comment_status":"closed","ping_status":"closed","template":"","meta":{"footnotes":""},"class_list":["post-151","page","type-page","status-publish","hentry"],"_links":{"self":[{"href":"https:\/\/vereinrhein.ch\/index.php?rest_route=\/wp\/v2\/pages\/151","targetHints":{"allow":["GET"]}}],"collection":[{"href":"https:\/\/vereinrhein.ch\/index.php?rest_route=\/wp\/v2\/pages"}],"about":[{"href":"https:\/\/vereinrhein.ch\/index.php?rest_route=\/wp\/v2\/types\/page"}],"author":[{"embeddable":true,"href":"https:\/\/vereinrhein.ch\/index.php?rest_route=\/wp\/v2\/users\/1"}],"replies":[{"embeddable":true,"href":"https:\/\/vereinrhein.ch\/index.php?rest_route=%2Fwp%2Fv2%2Fcomments&post=151"}],"version-history":[{"count":4,"href":"https:\/\/vereinrhein.ch\/index.php?rest_route=\/wp\/v2\/pages\/151\/revisions"}],"predecessor-version":[{"id":645,"href":"https:\/\/vereinrhein.ch\/index.php?rest_route=\/wp\/v2\/pages\/151\/revisions\/645"}],"wp:attachment":[{"href":"https:\/\/vereinrhein.ch\/index.php?rest_route=%2Fwp%2Fv2%2Fmedia&parent=151"}],"curies":[{"name":"wp","href":"https:\/\/api.w.org\/{rel}","templated":true}]}}

<div data-elementor-type="wp-page" data-elementor-id="151" class="elementor elementor-151" data-elementor-post-type="page">
				<div class="elementor-element elementor-element-dfafcd6 e-con-full e-flex e-con e-parent" data-id="dfafcd6" data-element_type="container" data-e-type="container" data-settings="{&quot;ekit_has_onepagescroll_dot&quot;:&quot;yes&quot;}">
		<div class="elementor-element elementor-element-7009c6b e-con-full e-flex e-con e-child" data-id="7009c6b" data-element_type="container" data-e-type="container" data-settings="{&quot;ekit_has_onepagescroll_dot&quot;:&quot;yes&quot;}">
				<div class="elementor-element elementor-element-4493acb elementor-widget elementor-widget-heading" data-id="4493acb" data-element_type="widget" data-e-type="widget" data-settings="{&quot;ekit_we_effect_on&quot;:&quot;none&quot;}" data-widget_type="heading.default">
				<div class="elementor-widget-container">
					<h2 class="elementor-heading-title elementor-size-default">Dialog</h2>				</div>
				</div>
				<div class="elementor-element elementor-element-a9342f7 elementor-widget elementor-widget-text-editor" data-id="a9342f7" data-element_type="widget" data-e-type="widget" data-settings="{&quot;ekit_we_effect_on&quot;:&quot;none&quot;}" data-widget_type="text-editor.default">
				<div class="elementor-widget-container">
									<p>In unserer globalisierten Welt ist der Dialog zwischen verschiedenen Kulturen unerlässlich für den Aufbau von Verständnis und Zusammenarbeit. Wenn Menschen aus verschiedenen Teilen der Welt zusammenkommen und ihre Perspektiven und Erfahrungen austauschen, entsteht eine reichere, vielfältigere Gemeinschaft. <strong>Die Dialogkommission hat das Ziel, Brücken des Dialogs zu bauen und den friedlichen Zusammenhalt innerhalb der Gesellschaft zu fördern</strong></p><p>In unserer globalisierten Welt ist der Dialog zwischen verschiedenen Kulturen unerlässlich für den Aufbau von Verständnis und Zusammenarbeit. Wenn Menschen aus verschiedenen Teilen der Welt zusammenkommen und ihre Perspektiven und Erfahrungen austauschen, entsteht eine reichere, vielfältigere Gemeinschaft. Solche Dialoge fördern nicht nur die persönliche Bereicherung, sondern sind auch wesentlich für die Lösung globaler Probleme, die gemeinsames Handeln erfordern.</p>								</div>
				</div>
				</div>
		<div class="elementor-element elementor-element-6cad6d8 e-con-full e-flex e-con e-child" data-id="6cad6d8" data-element_type="container" data-e-type="container" data-settings="{&quot;background_background&quot;:&quot;classic&quot;,&quot;ekit_has_onepagescroll_dot&quot;:&quot;yes&quot;}">
				</div>
				</div>
				</div>

<p>Dialog In unserer globalisierten Welt ist der Dialog zwischen verschiedenen Kulturen unerlässlich für den Aufbau von Verständnis und Zusammenarbeit. Wenn Menschen aus verschiedenen Teilen der Welt zusammenkommen und ihre Perspektiven und Erfahrungen austauschen, entsteht eine reichere, vielfältigere Gemeinschaft. Die Dialogkommission hat das Ziel, Brücken des Dialogs zu bauen und den friedlichen Zusammenhalt innerhalb der Gesellschaft zu [&hellip;]</p>
