{"id":146,"date":"2025-05-05T01:54:41","date_gmt":"2025-05-04T22:54:41","guid":{"rendered":"https:\/\/vereinrhein.ch\/?page_id=146"},"modified":"2025-06-04T22:25:54","modified_gmt":"2025-06-04T19:25:54","slug":"kultur-und-bildung","status":"publish","type":"page","link":"https:\/\/vereinrhein.ch\/?page_id=146","title":{"rendered":"Kultur und Bildung"},"content":{"rendered":"\t\t<div data-elementor-type=\"wp-page\" data-elementor-id=\"146\" class=\"elementor elementor-146\" data-elementor-post-type=\"page\">\n\t\t\t\t<div class=\"elementor-element elementor-element-30300b7 e-con-full e-flex e-con e-parent\" data-id=\"30300b7\" data-element_type=\"container\" data-e-type=\"container\" data-settings=\"{&quot;ekit_has_onepagescroll_dot&quot;:&quot;yes&quot;}\">\n\t\t<div class=\"elementor-element elementor-element-c105ad0 e-con-full e-flex e-con e-child\" data-id=\"c105ad0\" data-element_type=\"container\" data-e-type=\"container\" data-settings=\"{&quot;ekit_has_onepagescroll_dot&quot;:&quot;yes&quot;}\">\n\t\t\t\t<div class=\"elementor-element elementor-element-bf59c5f elementor-widget elementor-widget-heading\" data-id=\"bf59c5f\" data-element_type=\"widget\" data-e-type=\"widget\" data-settings=\"{&quot;ekit_we_effect_on&quot;:&quot;none&quot;}\" data-widget_type=\"heading.default\">\n\t\t\t\t<div class=\"elementor-widget-container\">\n\t\t\t\t\t<h2 class=\"elementor-heading-title elementor-size-default\">Kultur und Bildung<\/h2>\t\t\t\t<\/div>\n\t\t\t\t<\/div>\n\t\t\t\t<div class=\"elementor-element elementor-element-0c1c4b6 elementor-widget elementor-widget-text-editor\" data-id=\"0c1c4b6\" data-element_type=\"widget\" data-e-type=\"widget\" data-settings=\"{&quot;ekit_we_effect_on&quot;:&quot;none&quot;}\" data-widget_type=\"text-editor.default\">\n\t\t\t\t<div class=\"elementor-widget-container\">\n\t\t\t\t\t\t\t\t\t<p>In einer globalisierten Welt spielt die Kulturintegration eine entscheidende Rolle f\u00fcr das Zusammenleben verschiedener Gemeinschaften. Die Kultur- und Bildungskommission richtet sich in erster Linie an Kinder. Unser Ziel ist es, durch Bildungsaktivit\u00e4ten, Kurse und Nachhilfe den Kindern Unterst\u00fctzung zu bieten. Gleichzeitig m\u00f6chten wir durch kulturelle Aktivit\u00e4ten den Kindern ihre eigene Kultur n\u00e4herbringen und ihnen diese liebenswert machen.<\/p>\n<p><b><u>Unsere Aktivit\u00e4ten umfassen:<\/u><\/b><\/p>\n<ul>\n<li>\n<p><strong>Unterst\u00fctzende Nachhilfe:<\/strong>&nbsp;Wir unterst\u00fctzen die schulische Bildung durch Nachhilfe in F\u00e4chern wie Deutsch, Mathematik und anderen.<\/p>\n<\/li>\n<\/ul>\n<ul>\n<li>\n<p><strong>T\u00fcrkischunterricht:<\/strong>&nbsp;Wir bieten T\u00fcrkischkurse an, um die Sprachkenntnisse der Kinder zu f\u00f6rdern und ihre Verbindung zur Muttersprache zu st\u00e4rken.<\/p>\n<\/li>\n<li>\n<p><strong>Feierlichkeiten:<\/strong>&nbsp;Wir organisieren Aktivit\u00e4ten, um den Kindern unsere nationalen und religi\u00f6sen Feiertage, literarische Werke und die Geschichte n\u00e4herzubringen.<\/p>\n<\/li>\n<\/ul>\n<p>Unser Ziel ist es, den Kindern nicht nur eine fundierte Bildung zu bieten, sondern auch ihre kulturelle Identit\u00e4t zu st\u00e4rken und sie in ihrer Integration zu unterst\u00fctzen. Durch unsere vielf\u00e4ltigen Programme schaffen wir eine Umgebung, in der die Kinder sowohl akademisch als auch kulturell wachsen k\u00f6nnen<\/p>\t\t\t\t\t\t\t\t<\/div>\n\t\t\t\t<\/div>\n\t\t\t\t<\/div>\n\t\t<div class=\"elementor-element elementor-element-6ad2a73 e-con-full e-flex e-con e-child\" data-id=\"6ad2a73\" data-element_type=\"container\" data-e-type=\"container\" data-settings=\"{&quot;background_background&quot;:&quot;classic&quot;,&quot;ekit_has_onepagescroll_dot&quot;:&quot;yes&quot;}\">\n\t\t\t\t<\/div>\n\t\t\t\t<\/div>\n\t\t\t\t<\/div>\n\t\t","protected":false},"excerpt":{"rendered":"<p>Kultur und Bildung In einer globalisierten Welt spielt die Kulturintegration eine entscheidende Rolle f\u00fcr das Zusammenleben verschiedener Gemeinschaften. Die Kultur- und Bildungskommission richtet sich in erster Linie an Kinder. Unser Ziel ist es, durch Bildungsaktivit\u00e4ten, Kurse und Nachhilfe den Kindern Unterst\u00fctzung zu bieten. Gleichzeitig m\u00f6chten wir durch kulturelle Aktivit\u00e4ten den Kindern ihre eigene Kultur n\u00e4herbringen [&hellip;]<\/p>\n","protected":false},"author":1,"featured_media":0,"parent":0,"menu_order":0,"comment_status":"closed","ping_status":"closed","template":"","meta":{"footnotes":""},"class_list":["post-146","page","type-page","status-publish","hentry"],"_links":{"self":[{"href":"https:\/\/vereinrhein.ch\/index.php?rest_route=\/wp\/v2\/pages\/146","targetHints":{"allow":["GET"]}}],"collection":[{"href":"https:\/\/vereinrhein.ch\/index.php?rest_route=\/wp\/v2\/pages"}],"about":[{"href":"https:\/\/vereinrhein.ch\/index.php?rest_route=\/wp\/v2\/types\/page"}],"author":[{"embeddable":true,"href":"https:\/\/vereinrhein.ch\/index.php?rest_route=\/wp\/v2\/users\/1"}],"replies":[{"embeddable":true,"href":"https:\/\/vereinrhein.ch\/index.php?rest_route=%2Fwp%2Fv2%2Fcomments&post=146"}],"version-history":[{"count":4,"href":"https:\/\/vereinrhein.ch\/index.php?rest_route=\/wp\/v2\/pages\/146\/revisions"}],"predecessor-version":[{"id":636,"href":"https:\/\/vereinrhein.ch\/index.php?rest_route=\/wp\/v2\/pages\/146\/revisions\/636"}],"wp:attachment":[{"href":"https:\/\/vereinrhein.ch\/index.php?rest_route=%2Fwp%2Fv2%2Fmedia&parent=146"}],"curies":[{"name":"wp","href":"https:\/\/api.w.org\/{rel}","templated":true}]}}

<div data-elementor-type="wp-page" data-elementor-id="146" class="elementor elementor-146" data-elementor-post-type="page">
				<div class="elementor-element elementor-element-30300b7 e-con-full e-flex e-con e-parent" data-id="30300b7" data-element_type="container" data-e-type="container" data-settings="{&quot;ekit_has_onepagescroll_dot&quot;:&quot;yes&quot;}">
		<div class="elementor-element elementor-element-c105ad0 e-con-full e-flex e-con e-child" data-id="c105ad0" data-element_type="container" data-e-type="container" data-settings="{&quot;ekit_has_onepagescroll_dot&quot;:&quot;yes&quot;}">
				<div class="elementor-element elementor-element-bf59c5f elementor-widget elementor-widget-heading" data-id="bf59c5f" data-element_type="widget" data-e-type="widget" data-settings="{&quot;ekit_we_effect_on&quot;:&quot;none&quot;}" data-widget_type="heading.default">
				<div class="elementor-widget-container">
					<h2 class="elementor-heading-title elementor-size-default">Kultur und Bildung</h2>				</div>
				</div>
				<div class="elementor-element elementor-element-0c1c4b6 elementor-widget elementor-widget-text-editor" data-id="0c1c4b6" data-element_type="widget" data-e-type="widget" data-settings="{&quot;ekit_we_effect_on&quot;:&quot;none&quot;}" data-widget_type="text-editor.default">
				<div class="elementor-widget-container">
									<p>In einer globalisierten Welt spielt die Kulturintegration eine entscheidende Rolle für das Zusammenleben verschiedener Gemeinschaften. Die Kultur- und Bildungskommission richtet sich in erster Linie an Kinder. Unser Ziel ist es, durch Bildungsaktivitäten, Kurse und Nachhilfe den Kindern Unterstützung zu bieten. Gleichzeitig möchten wir durch kulturelle Aktivitäten den Kindern ihre eigene Kultur näherbringen und ihnen diese liebenswert machen.</p>
<p><b><u>Unsere Aktivitäten umfassen:</u></b></p>
<ul>
<li>
<p><strong>Unterstützende Nachhilfe:</strong>&nbsp;Wir unterstützen die schulische Bildung durch Nachhilfe in Fächern wie Deutsch, Mathematik und anderen.</p>
</li>
</ul>
<ul>
<li>
<p><strong>Türkischunterricht:</strong>&nbsp;Wir bieten Türkischkurse an, um die Sprachkenntnisse der Kinder zu fördern und ihre Verbindung zur Muttersprache zu stärken.</p>
</li>
<li>
<p><strong>Feierlichkeiten:</strong>&nbsp;Wir organisieren Aktivitäten, um den Kindern unsere nationalen und religiösen Feiertage, literarische Werke und die Geschichte näherzubringen.</p>
</li>
</ul>
<p>Unser Ziel ist es, den Kindern nicht nur eine fundierte Bildung zu bieten, sondern auch ihre kulturelle Identität zu stärken und sie in ihrer Integration zu unterstützen. Durch unsere vielfältigen Programme schaffen wir eine Umgebung, in der die Kinder sowohl akademisch als auch kulturell wachsen können</p>								</div>
				</div>
				</div>
		<div class="elementor-element elementor-element-6ad2a73 e-con-full e-flex e-con e-child" data-id="6ad2a73" data-element_type="container" data-e-type="container" data-settings="{&quot;background_background&quot;:&quot;classic&quot;,&quot;ekit_has_onepagescroll_dot&quot;:&quot;yes&quot;}">
				</div>
				</div>
				</div>

<p>Kultur und Bildung In einer globalisierten Welt spielt die Kulturintegration eine entscheidende Rolle für das Zusammenleben verschiedener Gemeinschaften. Die Kultur- und Bildungskommission richtet sich in erster Linie an Kinder. Unser Ziel ist es, durch Bildungsaktivitäten, Kurse und Nachhilfe den Kindern Unterstützung zu bieten. Gleichzeitig möchten wir durch kulturelle Aktivitäten den Kindern ihre eigene Kultur näherbringen [&hellip;]</p>
