{"id":138,"date":"2025-05-05T01:50:05","date_gmt":"2025-05-04T22:50:05","guid":{"rendered":"https:\/\/vereinrhein.ch\/?page_id=138"},"modified":"2025-05-07T23:06:32","modified_gmt":"2025-05-07T20:06:32","slug":"unterstutzen","status":"publish","type":"page","link":"https:\/\/vereinrhein.ch\/?page_id=138","title":{"rendered":"Unterst\u00fctzen"},"content":{"rendered":"\t\t<div data-elementor-type=\"wp-page\" data-elementor-id=\"138\" class=\"elementor elementor-138\" data-elementor-post-type=\"page\">\n\t\t\t\t<div class=\"elementor-element elementor-element-5649ecc e-con-full e-flex e-con e-parent\" data-id=\"5649ecc\" data-element_type=\"container\" data-e-type=\"container\" data-settings=\"{&quot;ekit_has_onepagescroll_dot&quot;:&quot;yes&quot;}\">\n\t\t\t\t<div class=\"elementor-element elementor-element-0f292eb elementor-widget elementor-widget-heading\" data-id=\"0f292eb\" data-element_type=\"widget\" data-e-type=\"widget\" data-settings=\"{&quot;ekit_we_effect_on&quot;:&quot;none&quot;}\" data-widget_type=\"heading.default\">\n\t\t\t\t<div class=\"elementor-widget-container\">\n\t\t\t\t\t<h2 class=\"elementor-heading-title elementor-size-default\">Unterst\u00fctzen Sie unseren Verein!<\/h2>\t\t\t\t<\/div>\n\t\t\t\t<\/div>\n\t\t\t\t<div class=\"elementor-element elementor-element-f14bfcb elementor-widget elementor-widget-text-editor\" data-id=\"f14bfcb\" data-element_type=\"widget\" data-e-type=\"widget\" data-settings=\"{&quot;ekit_we_effect_on&quot;:&quot;none&quot;}\" data-widget_type=\"text-editor.default\">\n\t\t\t\t<div class=\"elementor-widget-container\">\n\t\t\t\t\t\t\t\t\t<p data-start=\"218\" data-end=\"477\">Der <strong data-start=\"222\" data-end=\"273\">Verein Rhein f\u00fcr Integration, Kultur und Dialog<\/strong> wurde 2024 in Graub\u00fcnden gegr\u00fcndet, um Jugendliche und Erwachsene in ihrer Weiterbildung zu f\u00f6rdern, interkulturellen Dialog zu st\u00e4rken und die Integration in die Schweizer Gesellschaft zu erleichtern.<\/p><p data-start=\"479\" data-end=\"515\">Mit Ihrer Spende unterst\u00fctzen Sie:<\/p><ul><li data-start=\"516\" data-end=\"556\"><p data-start=\"518\" data-end=\"556\">Bildungs- und Weiterbildungsprojekte<\/p><\/li><li data-start=\"557\" data-end=\"607\"><p data-start=\"559\" data-end=\"607\">Veranstaltungen f\u00fcr interkulturellen Austausch<\/p><\/li><li data-start=\"608\" data-end=\"676\"><p data-start=\"610\" data-end=\"676\">Menschen mit Migrationshintergrund auf ihrem Weg zur Integration<\/p><\/li><\/ul><p><span style=\"background-color: transparent;\">\ud83d\udccd <\/span><strong style=\"background-color: transparent;\" data-start=\"681\" data-end=\"698\">Spendenkonto:<\/strong><\/p><ul><li data-start=\"608\" data-end=\"676\"><p data-start=\"678\" data-end=\"759\">CH55 0077 4010 4902 5740 0<br data-start=\"727\" data-end=\"730\" \/>Verein Rhein\/Ren, 7000 Chur<\/p><p data-start=\"761\" data-end=\"851\">\ud83d\udcb3 Sie k\u00f6nnen ganz einfach mit dem QR-Code bezahlen.<br data-start=\"813\" data-end=\"816\" \/>Vielen Dank f\u00fcr Ihre Unterst\u00fctzung!<\/p><\/li><\/ul>\t\t\t\t\t\t\t\t<\/div>\n\t\t\t\t<\/div>\n\t\t\t\t<\/div>\n\t\t<div class=\"elementor-element elementor-element-10cc3e5 e-con-full e-flex e-con e-parent\" data-id=\"10cc3e5\" data-element_type=\"container\" data-e-type=\"container\" data-settings=\"{&quot;ekit_has_onepagescroll_dot&quot;:&quot;yes&quot;}\">\n\t\t\t\t<div class=\"elementor-element elementor-element-4018f8e elementor-widget elementor-widget-image\" data-id=\"4018f8e\" data-element_type=\"widget\" data-e-type=\"widget\" data-settings=\"{&quot;ekit_we_effect_on&quot;:&quot;none&quot;}\" data-widget_type=\"image.default\">\n\t\t\t\t<div class=\"elementor-widget-container\">\n\t\t\t\t\t\t\t\t\t\t\t\t\t\t\t<img fetchpriority=\"high\" decoding=\"async\" width=\"800\" height=\"480\" src=\"https:\/\/vereinrhein.ch\/wp-content\/uploads\/2025\/05\/unterstutzung-1024x614.png\" class=\"attachment-large size-large wp-image-405\" alt=\"\" srcset=\"https:\/\/vereinrhein.ch\/wp-content\/uploads\/2025\/05\/unterstutzung-1024x614.png 1024w, https:\/\/vereinrhein.ch\/wp-content\/uploads\/2025\/05\/unterstutzung-300x180.png 300w, https:\/\/vereinrhein.ch\/wp-content\/uploads\/2025\/05\/unterstutzung-768x461.png 768w, https:\/\/vereinrhein.ch\/wp-content\/uploads\/2025\/05\/unterstutzung.png 1440w\" sizes=\"(max-width: 800px) 100vw, 800px\" \/>\t\t\t\t\t\t\t\t\t\t\t\t\t\t\t<\/div>\n\t\t\t\t<\/div>\n\t\t\t\t<\/div>\n\t\t\t\t<\/div>\n\t\t","protected":false},"excerpt":{"rendered":"<p>Unterst\u00fctzen Sie unseren Verein! Der Verein Rhein f\u00fcr Integration, Kultur und Dialog wurde 2024 in Graub\u00fcnden gegr\u00fcndet, um Jugendliche und Erwachsene in ihrer Weiterbildung zu f\u00f6rdern, interkulturellen Dialog zu st\u00e4rken und die Integration in die Schweizer Gesellschaft zu erleichtern. Mit Ihrer Spende unterst\u00fctzen Sie: Bildungs- und Weiterbildungsprojekte Veranstaltungen f\u00fcr interkulturellen Austausch Menschen mit Migrationshintergrund auf [&hellip;]<\/p>\n","protected":false},"author":1,"featured_media":0,"parent":0,"menu_order":0,"comment_status":"closed","ping_status":"closed","template":"","meta":{"footnotes":""},"class_list":["post-138","page","type-page","status-publish","hentry"],"_links":{"self":[{"href":"https:\/\/vereinrhein.ch\/index.php?rest_route=\/wp\/v2\/pages\/138","targetHints":{"allow":["GET"]}}],"collection":[{"href":"https:\/\/vereinrhein.ch\/index.php?rest_route=\/wp\/v2\/pages"}],"about":[{"href":"https:\/\/vereinrhein.ch\/index.php?rest_route=\/wp\/v2\/types\/page"}],"author":[{"embeddable":true,"href":"https:\/\/vereinrhein.ch\/index.php?rest_route=\/wp\/v2\/users\/1"}],"replies":[{"embeddable":true,"href":"https:\/\/vereinrhein.ch\/index.php?rest_route=%2Fwp%2Fv2%2Fcomments&post=138"}],"version-history":[{"count":10,"href":"https:\/\/vereinrhein.ch\/index.php?rest_route=\/wp\/v2\/pages\/138\/revisions"}],"predecessor-version":[{"id":415,"href":"https:\/\/vereinrhein.ch\/index.php?rest_route=\/wp\/v2\/pages\/138\/revisions\/415"}],"wp:attachment":[{"href":"https:\/\/vereinrhein.ch\/index.php?rest_route=%2Fwp%2Fv2%2Fmedia&parent=138"}],"curies":[{"name":"wp","href":"https:\/\/api.w.org\/{rel}","templated":true}]}}

Unterstützen

<div data-elementor-type="wp-page" data-elementor-id="138" class="elementor elementor-138" data-elementor-post-type="page">
				<div class="elementor-element elementor-element-5649ecc e-con-full e-flex e-con e-parent" data-id="5649ecc" data-element_type="container" data-e-type="container" data-settings="{&quot;ekit_has_onepagescroll_dot&quot;:&quot;yes&quot;}">
				<div class="elementor-element elementor-element-0f292eb elementor-widget elementor-widget-heading" data-id="0f292eb" data-element_type="widget" data-e-type="widget" data-settings="{&quot;ekit_we_effect_on&quot;:&quot;none&quot;}" data-widget_type="heading.default">
				<div class="elementor-widget-container">
					<h2 class="elementor-heading-title elementor-size-default">Unterstützen Sie unseren Verein!</h2>				</div>
				</div>
				<div class="elementor-element elementor-element-f14bfcb elementor-widget elementor-widget-text-editor" data-id="f14bfcb" data-element_type="widget" data-e-type="widget" data-settings="{&quot;ekit_we_effect_on&quot;:&quot;none&quot;}" data-widget_type="text-editor.default">
				<div class="elementor-widget-container">
									<p data-start="218" data-end="477">Der <strong data-start="222" data-end="273">Verein Rhein für Integration, Kultur und Dialog</strong> wurde 2024 in Graubünden gegründet, um Jugendliche und Erwachsene in ihrer Weiterbildung zu fördern, interkulturellen Dialog zu stärken und die Integration in die Schweizer Gesellschaft zu erleichtern.</p><p data-start="479" data-end="515">Mit Ihrer Spende unterstützen Sie:</p><ul><li data-start="516" data-end="556"><p data-start="518" data-end="556">Bildungs- und Weiterbildungsprojekte</p></li><li data-start="557" data-end="607"><p data-start="559" data-end="607">Veranstaltungen für interkulturellen Austausch</p></li><li data-start="608" data-end="676"><p data-start="610" data-end="676">Menschen mit Migrationshintergrund auf ihrem Weg zur Integration</p></li></ul><p><span style="background-color: transparent;">📍 </span><strong style="background-color: transparent;" data-start="681" data-end="698">Spendenkonto:</strong></p><ul><li data-start="608" data-end="676"><p data-start="678" data-end="759">CH55 0077 4010 4902 5740 0<br data-start="727" data-end="730" />Verein Rhein/Ren, 7000 Chur</p><p data-start="761" data-end="851">💳 Sie können ganz einfach mit dem QR-Code bezahlen.<br data-start="813" data-end="816" />Vielen Dank für Ihre Unterstützung!</p></li></ul>								</div>
				</div>
				</div>
		<div class="elementor-element elementor-element-10cc3e5 e-con-full e-flex e-con e-parent" data-id="10cc3e5" data-element_type="container" data-e-type="container" data-settings="{&quot;ekit_has_onepagescroll_dot&quot;:&quot;yes&quot;}">
				<div class="elementor-element elementor-element-4018f8e elementor-widget elementor-widget-image" data-id="4018f8e" data-element_type="widget" data-e-type="widget" data-settings="{&quot;ekit_we_effect_on&quot;:&quot;none&quot;}" data-widget_type="image.default">
				<div class="elementor-widget-container">
															<img fetchpriority="high" decoding="async" width="800" height="480" src="https://vereinrhein.ch/wp-content/uploads/2025/05/unterstutzung-1024x614.png" class="attachment-large size-large wp-image-405" alt="" srcset="https://vereinrhein.ch/wp-content/uploads/2025/05/unterstutzung-1024x614.png 1024w, https://vereinrhein.ch/wp-content/uploads/2025/05/unterstutzung-300x180.png 300w, https://vereinrhein.ch/wp-content/uploads/2025/05/unterstutzung-768x461.png 768w, https://vereinrhein.ch/wp-content/uploads/2025/05/unterstutzung.png 1440w" sizes="(max-width: 800px) 100vw, 800px" />															</div>
				</div>
				</div>
				</div>

<p>Unterstützen Sie unseren Verein! Der Verein Rhein für Integration, Kultur und Dialog wurde 2024 in Graubünden gegründet, um Jugendliche und Erwachsene in ihrer Weiterbildung zu fördern, interkulturellen Dialog zu stärken und die Integration in die Schweizer Gesellschaft zu erleichtern. Mit Ihrer Spende unterstützen Sie: Bildungs- und Weiterbildungsprojekte Veranstaltungen für interkulturellen Austausch Menschen mit Migrationshintergrund auf [&hellip;]</p>
