{"id":136,"date":"2025-05-05T01:49:03","date_gmt":"2025-05-04T22:49:03","guid":{"rendered":"https:\/\/vereinrhein.ch\/?page_id=136"},"modified":"2025-05-07T18:36:22","modified_gmt":"2025-05-07T15:36:22","slug":"uber-uns","status":"publish","type":"page","link":"https:\/\/vereinrhein.ch\/?page_id=136","title":{"rendered":"\u00dcber uns"},"content":{"rendered":"\t\t<div data-elementor-type=\"wp-page\" data-elementor-id=\"136\" class=\"elementor elementor-136\" data-elementor-post-type=\"page\">\n\t\t\t\t<div class=\"elementor-element elementor-element-d39d254 e-flex e-con-boxed e-con e-parent\" data-id=\"d39d254\" data-element_type=\"container\" data-e-type=\"container\" data-settings=\"{&quot;ekit_has_onepagescroll_dot&quot;:&quot;yes&quot;}\">\n\t\t\t\t\t<div class=\"e-con-inner\">\n\t\t<div class=\"elementor-element elementor-element-90310d7 e-con-full e-flex e-con e-child\" data-id=\"90310d7\" data-element_type=\"container\" data-e-type=\"container\" data-settings=\"{&quot;ekit_has_onepagescroll_dot&quot;:&quot;yes&quot;}\">\n\t\t\t\t<div class=\"elementor-element elementor-element-a5f271e elementor-widget elementor-widget-heading\" data-id=\"a5f271e\" data-element_type=\"widget\" data-e-type=\"widget\" data-settings=\"{&quot;ekit_we_effect_on&quot;:&quot;none&quot;}\" data-widget_type=\"heading.default\">\n\t\t\t\t<div class=\"elementor-widget-container\">\n\t\t\t\t\t<h3 class=\"elementor-heading-title elementor-size-default\">Verein Rhein f\u00fcr Integration, Kultur und Dialog<\/h3>\t\t\t\t<\/div>\n\t\t\t\t<\/div>\n\t\t\t\t<div class=\"elementor-element elementor-element-cb5eeca elementor-widget elementor-widget-text-editor\" data-id=\"cb5eeca\" data-element_type=\"widget\" data-e-type=\"widget\" data-settings=\"{&quot;ekit_we_effect_on&quot;:&quot;none&quot;}\" data-widget_type=\"text-editor.default\">\n\t\t\t\t<div class=\"elementor-widget-container\">\n\t\t\t\t\t\t\t\t\t<p>Verein Rhein wurde im Jahr 2024 in Graub\u00fcnden von einer Gruppe von Freiwilligen gegr\u00fcndet. Der Verein konzentriert sich darauf, den Fortschritt in der Weiterbildung von Jugendlichen und Erwachsenen in verschiedenen Bereichen zu f\u00f6rdern, eine schnelle und erfolgreiche Integration in die Schweiz und die Schweizer Gesellschaft zu erm\u00f6glichen und f\u00fcr die Schweiz und die Schweizer Gemeinschaft von Nutzen zu sein.<\/p><p>Unser Verein f\u00f6rdert nicht nur den Wissensaustausch f\u00fcr seine Mitglieder und deren Familienmitglieder in vielen Bereichen, sondern organisiert auch interkulturelle Dialoge und Veranstaltungen, um Vorurteile abzubauen. Dar\u00fcber hinaus unterst\u00fctzt er Menschen, die aus verschiedenen Gr\u00fcnden in die Schweiz migrieren mussten. Kurz gesagt, unsere Schwerpunkte liegen auf Bildung, interkulturelle Dialog und Integration.<\/p>\t\t\t\t\t\t\t\t<\/div>\n\t\t\t\t<\/div>\n\t\t\t\t<\/div>\n\t\t<div class=\"elementor-element elementor-element-0ebe10d e-con-full e-flex e-con e-child\" data-id=\"0ebe10d\" data-element_type=\"container\" data-e-type=\"container\" data-settings=\"{&quot;ekit_has_onepagescroll_dot&quot;:&quot;yes&quot;}\">\n\t\t\t\t<div class=\"elementor-element elementor-element-1f9f3d8 elementor-widget elementor-widget-image\" data-id=\"1f9f3d8\" data-element_type=\"widget\" data-e-type=\"widget\" data-settings=\"{&quot;ekit_we_effect_on&quot;:&quot;none&quot;}\" data-widget_type=\"image.default\">\n\t\t\t\t<div class=\"elementor-widget-container\">\n\t\t\t\t\t\t\t\t\t\t\t\t\t\t\t<img fetchpriority=\"high\" decoding=\"async\" width=\"800\" height=\"800\" src=\"https:\/\/vereinrhein.ch\/wp-content\/uploads\/2025\/05\/Schweizz-1024x1024.png\" class=\"attachment-large size-large wp-image-380\" alt=\"\" srcset=\"https:\/\/vereinrhein.ch\/wp-content\/uploads\/2025\/05\/Schweizz-1024x1024.png 1024w, https:\/\/vereinrhein.ch\/wp-content\/uploads\/2025\/05\/Schweizz-300x300.png 300w, https:\/\/vereinrhein.ch\/wp-content\/uploads\/2025\/05\/Schweizz-150x150.png 150w, https:\/\/vereinrhein.ch\/wp-content\/uploads\/2025\/05\/Schweizz-768x768.png 768w, https:\/\/vereinrhein.ch\/wp-content\/uploads\/2025\/05\/Schweizz.png 1080w\" sizes=\"(max-width: 800px) 100vw, 800px\" \/>\t\t\t\t\t\t\t\t\t\t\t\t\t\t\t<\/div>\n\t\t\t\t<\/div>\n\t\t\t\t<\/div>\n\t\t\t\t\t<\/div>\n\t\t\t\t<\/div>\n\t\t\t\t<\/div>\n\t\t","protected":false},"excerpt":{"rendered":"<p>Verein Rhein f\u00fcr Integration, Kultur und Dialog Verein Rhein wurde im Jahr 2024 in Graub\u00fcnden von einer Gruppe von Freiwilligen gegr\u00fcndet. Der Verein konzentriert sich darauf, den Fortschritt in der Weiterbildung von Jugendlichen und Erwachsenen in verschiedenen Bereichen zu f\u00f6rdern, eine schnelle und erfolgreiche Integration in die Schweiz und die Schweizer Gesellschaft zu erm\u00f6glichen und [&hellip;]<\/p>\n","protected":false},"author":1,"featured_media":0,"parent":0,"menu_order":0,"comment_status":"closed","ping_status":"closed","template":"","meta":{"footnotes":""},"class_list":["post-136","page","type-page","status-publish","hentry"],"_links":{"self":[{"href":"https:\/\/vereinrhein.ch\/index.php?rest_route=\/wp\/v2\/pages\/136","targetHints":{"allow":["GET"]}}],"collection":[{"href":"https:\/\/vereinrhein.ch\/index.php?rest_route=\/wp\/v2\/pages"}],"about":[{"href":"https:\/\/vereinrhein.ch\/index.php?rest_route=\/wp\/v2\/types\/page"}],"author":[{"embeddable":true,"href":"https:\/\/vereinrhein.ch\/index.php?rest_route=\/wp\/v2\/users\/1"}],"replies":[{"embeddable":true,"href":"https:\/\/vereinrhein.ch\/index.php?rest_route=%2Fwp%2Fv2%2Fcomments&post=136"}],"version-history":[{"count":19,"href":"https:\/\/vereinrhein.ch\/index.php?rest_route=\/wp\/v2\/pages\/136\/revisions"}],"predecessor-version":[{"id":404,"href":"https:\/\/vereinrhein.ch\/index.php?rest_route=\/wp\/v2\/pages\/136\/revisions\/404"}],"wp:attachment":[{"href":"https:\/\/vereinrhein.ch\/index.php?rest_route=%2Fwp%2Fv2%2Fmedia&parent=136"}],"curies":[{"name":"wp","href":"https:\/\/api.w.org\/{rel}","templated":true}]}}

Über uns

<div data-elementor-type="wp-page" data-elementor-id="136" class="elementor elementor-136" data-elementor-post-type="page">
				<div class="elementor-element elementor-element-d39d254 e-flex e-con-boxed e-con e-parent" data-id="d39d254" data-element_type="container" data-e-type="container" data-settings="{&quot;ekit_has_onepagescroll_dot&quot;:&quot;yes&quot;}">
					<div class="e-con-inner">
		<div class="elementor-element elementor-element-90310d7 e-con-full e-flex e-con e-child" data-id="90310d7" data-element_type="container" data-e-type="container" data-settings="{&quot;ekit_has_onepagescroll_dot&quot;:&quot;yes&quot;}">
				<div class="elementor-element elementor-element-a5f271e elementor-widget elementor-widget-heading" data-id="a5f271e" data-element_type="widget" data-e-type="widget" data-settings="{&quot;ekit_we_effect_on&quot;:&quot;none&quot;}" data-widget_type="heading.default">
				<div class="elementor-widget-container">
					<h3 class="elementor-heading-title elementor-size-default">Verein Rhein für Integration, Kultur und Dialog</h3>				</div>
				</div>
				<div class="elementor-element elementor-element-cb5eeca elementor-widget elementor-widget-text-editor" data-id="cb5eeca" data-element_type="widget" data-e-type="widget" data-settings="{&quot;ekit_we_effect_on&quot;:&quot;none&quot;}" data-widget_type="text-editor.default">
				<div class="elementor-widget-container">
									<p>Verein Rhein wurde im Jahr 2024 in Graubünden von einer Gruppe von Freiwilligen gegründet. Der Verein konzentriert sich darauf, den Fortschritt in der Weiterbildung von Jugendlichen und Erwachsenen in verschiedenen Bereichen zu fördern, eine schnelle und erfolgreiche Integration in die Schweiz und die Schweizer Gesellschaft zu ermöglichen und für die Schweiz und die Schweizer Gemeinschaft von Nutzen zu sein.</p><p>Unser Verein fördert nicht nur den Wissensaustausch für seine Mitglieder und deren Familienmitglieder in vielen Bereichen, sondern organisiert auch interkulturelle Dialoge und Veranstaltungen, um Vorurteile abzubauen. Darüber hinaus unterstützt er Menschen, die aus verschiedenen Gründen in die Schweiz migrieren mussten. Kurz gesagt, unsere Schwerpunkte liegen auf Bildung, interkulturelle Dialog und Integration.</p>								</div>
				</div>
				</div>
		<div class="elementor-element elementor-element-0ebe10d e-con-full e-flex e-con e-child" data-id="0ebe10d" data-element_type="container" data-e-type="container" data-settings="{&quot;ekit_has_onepagescroll_dot&quot;:&quot;yes&quot;}">
				<div class="elementor-element elementor-element-1f9f3d8 elementor-widget elementor-widget-image" data-id="1f9f3d8" data-element_type="widget" data-e-type="widget" data-settings="{&quot;ekit_we_effect_on&quot;:&quot;none&quot;}" data-widget_type="image.default">
				<div class="elementor-widget-container">
															<img fetchpriority="high" decoding="async" width="800" height="800" src="https://vereinrhein.ch/wp-content/uploads/2025/05/Schweizz-1024x1024.png" class="attachment-large size-large wp-image-380" alt="" srcset="https://vereinrhein.ch/wp-content/uploads/2025/05/Schweizz-1024x1024.png 1024w, https://vereinrhein.ch/wp-content/uploads/2025/05/Schweizz-300x300.png 300w, https://vereinrhein.ch/wp-content/uploads/2025/05/Schweizz-150x150.png 150w, https://vereinrhein.ch/wp-content/uploads/2025/05/Schweizz-768x768.png 768w, https://vereinrhein.ch/wp-content/uploads/2025/05/Schweizz.png 1080w" sizes="(max-width: 800px) 100vw, 800px" />															</div>
				</div>
				</div>
					</div>
				</div>
				</div>

<p>Verein Rhein für Integration, Kultur und Dialog Verein Rhein wurde im Jahr 2024 in Graubünden von einer Gruppe von Freiwilligen gegründet. Der Verein konzentriert sich darauf, den Fortschritt in der Weiterbildung von Jugendlichen und Erwachsenen in verschiedenen Bereichen zu fördern, eine schnelle und erfolgreiche Integration in die Schweiz und die Schweizer Gesellschaft zu ermöglichen und [&hellip;]</p>
