{"id":131,"date":"2025-05-05T01:47:34","date_gmt":"2025-05-04T22:47:34","guid":{"rendered":"https:\/\/vereinrhein.ch\/?page_id=131"},"modified":"2025-09-18T15:42:09","modified_gmt":"2025-09-18T12:42:09","slug":"home","status":"publish","type":"page","link":"https:\/\/vereinrhein.ch\/","title":{"rendered":"Home"},"content":{"rendered":"\t\t<div data-elementor-type=\"wp-page\" data-elementor-id=\"131\" class=\"elementor elementor-131\" data-elementor-post-type=\"page\">\n\t\t\t\t<div class=\"elementor-element elementor-element-4b3b004 e-con-full e-flex e-con e-parent\" data-id=\"4b3b004\" data-element_type=\"container\" data-e-type=\"container\" data-settings=\"{&quot;background_background&quot;:&quot;classic&quot;,&quot;ekit_has_onepagescroll_dot&quot;:&quot;yes&quot;}\">\n\t\t\t\t<div class=\"elementor-element elementor-element-fb03421 elementor-widget__width-inherit elementor-widget-mobile__width-inherit elementor--h-position-center elementor--v-position-middle elementor-arrows-position-inside elementor-pagination-position-inside elementor-widget elementor-widget-slides\" data-id=\"fb03421\" data-element_type=\"widget\" data-e-type=\"widget\" data-settings=\"{&quot;navigation&quot;:&quot;both&quot;,&quot;autoplay&quot;:&quot;yes&quot;,&quot;pause_on_hover&quot;:&quot;yes&quot;,&quot;pause_on_interaction&quot;:&quot;yes&quot;,&quot;autoplay_speed&quot;:5000,&quot;infinite&quot;:&quot;yes&quot;,&quot;transition&quot;:&quot;slide&quot;,&quot;transition_speed&quot;:500,&quot;ekit_we_effect_on&quot;:&quot;none&quot;}\" data-widget_type=\"slides.default\">\n\t\t\t\t<div class=\"elementor-widget-container\">\n\t\t\t\t\t\t\t\t\t<div class=\"elementor-swiper\">\n\t\t\t\t\t<div class=\"elementor-slides-wrapper elementor-main-swiper swiper\" role=\"region\" aria-roledescription=\"carousel\" aria-label=\"Slides\" dir=\"ltr\" data-animation=\"fadeInUp\">\n\t\t\t\t<div class=\"swiper-wrapper elementor-slides\">\n\t\t\t\t\t\t\t\t\t\t<div class=\"elementor-repeater-item-1dcc1fa swiper-slide\" role=\"group\" aria-roledescription=\"slide\"><div class=\"swiper-slide-bg elementor-ken-burns elementor-ken-burns--in\" role=\"img\"><\/div><div class=\"elementor-background-overlay\"><\/div><a class=\"swiper-slide-inner\" href=\"https:\/\/vereinrhein.ch\/?page_id=142\"><div class=\"swiper-slide-contents\"><div class=\"elementor-slide-heading\">Kinderfest 2025<\/div><div class=\"elementor-slide-description\">Gemeinsam haben wir ein wundersch\u00f6nes \n\n4. Kinderfest erlebt.<\/div><div  class=\"elementor-button elementor-slide-button elementor-size-sm\">Click Here<\/div><\/div><\/a><\/div>\t\t\t\t<\/div>\n\t\t\t\t\t\t\t<\/div>\n\t\t\t\t<\/div>\n\t\t\t\t\t\t\t\t<\/div>\n\t\t\t\t<\/div>\n\t\t\t\t<\/div>\n\t\t<div class=\"elementor-element elementor-element-ac29067 e-con-full e-flex e-con e-parent\" data-id=\"ac29067\" data-element_type=\"container\" data-e-type=\"container\" data-settings=\"{&quot;ekit_has_onepagescroll_dot&quot;:&quot;yes&quot;}\">\n\t\t<div class=\"elementor-element elementor-element-c5589b6 e-con-full e-flex e-con e-child\" data-id=\"c5589b6\" data-element_type=\"container\" data-e-type=\"container\" data-settings=\"{&quot;ekit_has_onepagescroll_dot&quot;:&quot;yes&quot;}\">\n\t\t\t\t<div class=\"elementor-element elementor-element-1147487 elementor-widget elementor-widget-heading\" data-id=\"1147487\" data-element_type=\"widget\" data-e-type=\"widget\" data-settings=\"{&quot;ekit_we_effect_on&quot;:&quot;none&quot;}\" data-widget_type=\"heading.default\">\n\t\t\t\t<div class=\"elementor-widget-container\">\n\t\t\t\t\t<h3 class=\"elementor-heading-title elementor-size-default\">Rhein Verein f\u00fcr Integration, Kultur und Dialog<\/h3>\t\t\t\t<\/div>\n\t\t\t\t<\/div>\n\t\t\t\t<div class=\"elementor-element elementor-element-ff49a86 elementor-widget elementor-widget-text-editor\" data-id=\"ff49a86\" data-element_type=\"widget\" data-e-type=\"widget\" data-settings=\"{&quot;ekit_we_effect_on&quot;:&quot;none&quot;}\" data-widget_type=\"text-editor.default\">\n\t\t\t\t<div class=\"elementor-widget-container\">\n\t\t\t\t\t\t\t\t\t<p>Verein Rhein wurde im Jahr 2024 in Graub\u00fcnden von einer Gruppe von Freiwilligen gegr\u00fcndet. Der Verein konzentriert sich darauf, den Fortschritt in der Weiterbildung von Jugendlichen und Erwachsenen in verschiedenen Bereichen zu f\u00f6rdern, eine schnelle und erfolgreiche Integration in die Schweiz und die Schweizer Gesellschaft zu erm\u00f6glichen und f\u00fcr die Schweiz und die Schweizer Gemeinschaft von Nutzen zu sein.<\/p><p>Unser Verein f\u00f6rdert nicht nur den Wissensaustausch f\u00fcr seine Mitglieder und deren Familienmitglieder in vielen Bereichen, sondern organisiert auch interkulturelle Dialoge und Veranstaltungen, um Vorurteile abzubauen. Dar\u00fcber hinaus unterst\u00fctzt er Menschen, die aus verschiedenen Gr\u00fcnden in die Schweiz migrieren mussten. Kurz gesagt, unsere Schwerpunkte liegen auf Bildung, interkulturelle Dialog und Integration.<\/p>\t\t\t\t\t\t\t\t<\/div>\n\t\t\t\t<\/div>\n\t\t\t\t<\/div>\n\t\t<div class=\"elementor-element elementor-element-38f7d0a e-con-full e-flex e-con e-child\" data-id=\"38f7d0a\" data-element_type=\"container\" data-e-type=\"container\" data-settings=\"{&quot;ekit_has_onepagescroll_dot&quot;:&quot;yes&quot;}\">\n\t\t\t\t<div class=\"elementor-element elementor-element-645bbce elementor-widget elementor-widget-image\" data-id=\"645bbce\" data-element_type=\"widget\" data-e-type=\"widget\" data-settings=\"{&quot;ekit_we_effect_on&quot;:&quot;none&quot;}\" data-widget_type=\"image.default\">\n\t\t\t\t<div class=\"elementor-widget-container\">\n\t\t\t\t\t\t\t\t\t\t\t\t\t\t\t<img fetchpriority=\"high\" decoding=\"async\" width=\"800\" height=\"480\" src=\"https:\/\/vereinrhein.ch\/wp-content\/uploads\/2025\/05\/bildschirmfoto-2024-05-10-um-00.58.36-1716072966.webp\" class=\"attachment-large size-large wp-image-283\" alt=\"\" srcset=\"https:\/\/vereinrhein.ch\/wp-content\/uploads\/2025\/05\/bildschirmfoto-2024-05-10-um-00.58.36-1716072966.webp 960w, https:\/\/vereinrhein.ch\/wp-content\/uploads\/2025\/05\/bildschirmfoto-2024-05-10-um-00.58.36-1716072966-300x180.webp 300w, https:\/\/vereinrhein.ch\/wp-content\/uploads\/2025\/05\/bildschirmfoto-2024-05-10-um-00.58.36-1716072966-768x461.webp 768w\" sizes=\"(max-width: 800px) 100vw, 800px\" \/>\t\t\t\t\t\t\t\t\t\t\t\t\t\t\t<\/div>\n\t\t\t\t<\/div>\n\t\t\t\t<\/div>\n\t\t\t\t<\/div>\n\t\t<div class=\"elementor-element elementor-element-275eb54 e-con-full e-flex e-con e-parent\" data-id=\"275eb54\" data-element_type=\"container\" data-e-type=\"container\" data-settings=\"{&quot;ekit_has_onepagescroll_dot&quot;:&quot;yes&quot;}\">\n\t\t<div class=\"elementor-element elementor-element-c8e2a82 e-con-full e-flex e-con e-child\" data-id=\"c8e2a82\" data-element_type=\"container\" data-e-type=\"container\" data-settings=\"{&quot;ekit_has_onepagescroll_dot&quot;:&quot;yes&quot;}\">\n\t\t\t\t<div class=\"elementor-element elementor-element-0514c4a elementor-widget elementor-widget-google_maps\" data-id=\"0514c4a\" data-element_type=\"widget\" data-e-type=\"widget\" data-settings=\"{&quot;ekit_we_effect_on&quot;:&quot;none&quot;}\" data-widget_type=\"google_maps.default\">\n\t\t\t\t<div class=\"elementor-widget-container\">\n\t\t\t\t\t\t\t<div class=\"elementor-custom-embed\">\n\t\t\t<iframe loading=\"lazy\"\n\t\t\t\t\tsrc=\"https:\/\/maps.google.com\/maps?q=Wagnergasse%205%207000%20Chur&#038;t=m&#038;z=16&#038;output=embed&#038;iwloc=near\"\n\t\t\t\t\ttitle=\"Wagnergasse 5 7000 Chur\"\n\t\t\t\t\taria-label=\"Wagnergasse 5 7000 Chur\"\n\t\t\t><\/iframe>\n\t\t<\/div>\n\t\t\t\t\t\t<\/div>\n\t\t\t\t<\/div>\n\t\t\t\t<\/div>\n\t\t<div class=\"elementor-element elementor-element-78a73d2 e-con-full e-flex e-con e-child\" data-id=\"78a73d2\" data-element_type=\"container\" data-e-type=\"container\" data-settings=\"{&quot;ekit_has_onepagescroll_dot&quot;:&quot;yes&quot;}\">\n\t\t\t\t<div class=\"elementor-element elementor-element-c9a698d elementor-button-align-stretch elementor-widget elementor-widget-form\" data-id=\"c9a698d\" data-element_type=\"widget\" data-e-type=\"widget\" data-settings=\"{&quot;step_next_label&quot;:&quot;Next&quot;,&quot;step_previous_label&quot;:&quot;Previous&quot;,&quot;button_width&quot;:&quot;100&quot;,&quot;step_type&quot;:&quot;number_text&quot;,&quot;step_icon_shape&quot;:&quot;circle&quot;,&quot;ekit_we_effect_on&quot;:&quot;none&quot;}\" data-widget_type=\"form.default\">\n\t\t\t\t<div class=\"elementor-widget-container\">\n\t\t\t\t\t\t\t<form class=\"elementor-form\" method=\"post\" name=\"New Form\">\n\t\t\t<input type=\"hidden\" name=\"post_id\" value=\"131\"\/>\n\t\t\t<input type=\"hidden\" name=\"form_id\" value=\"c9a698d\"\/>\n\t\t\t<input type=\"hidden\" name=\"referer_title\" value=\"\" \/>\n\n\t\t\t\t\t\t\t<input type=\"hidden\" name=\"queried_id\" value=\"131\"\/>\n\t\t\t\n\t\t\t<div class=\"elementor-form-fields-wrapper elementor-labels-above\">\n\t\t\t\t\t\t\t\t<div class=\"elementor-field-type-text elementor-field-group elementor-column elementor-field-group-name elementor-col-100\">\n\t\t\t\t\t\t\t\t\t\t\t\t<label for=\"form-field-name\" class=\"elementor-field-label\">\n\t\t\t\t\t\t\t\tName\t\t\t\t\t\t\t<\/label>\n\t\t\t\t\t\t\t\t\t\t\t\t\t\t<input size=\"1\" type=\"text\" name=\"form_fields[name]\" id=\"form-field-name\" class=\"elementor-field elementor-size-sm  elementor-field-textual\" placeholder=\"Name\">\n\t\t\t\t\t\t\t\t\t\t\t<\/div>\n\t\t\t\t\t\t\t\t<div class=\"elementor-field-type-email elementor-field-group elementor-column elementor-field-group-email elementor-col-100 elementor-field-required\">\n\t\t\t\t\t\t\t\t\t\t\t\t<label for=\"form-field-email\" class=\"elementor-field-label\">\n\t\t\t\t\t\t\t\tEmail\t\t\t\t\t\t\t<\/label>\n\t\t\t\t\t\t\t\t\t\t\t\t\t\t<input size=\"1\" type=\"email\" name=\"form_fields[email]\" id=\"form-field-email\" class=\"elementor-field elementor-size-sm  elementor-field-textual\" placeholder=\"Email\" required=\"required\">\n\t\t\t\t\t\t\t\t\t\t\t<\/div>\n\t\t\t\t\t\t\t\t<div class=\"elementor-field-type-textarea elementor-field-group elementor-column elementor-field-group-message elementor-col-100\">\n\t\t\t\t\t\t\t\t\t\t\t\t<label for=\"form-field-message\" class=\"elementor-field-label\">\n\t\t\t\t\t\t\t\tMessage\t\t\t\t\t\t\t<\/label>\n\t\t\t\t\t\t<textarea class=\"elementor-field-textual elementor-field  elementor-size-sm\" name=\"form_fields[message]\" id=\"form-field-message\" rows=\"4\" placeholder=\"Message\"><\/textarea>\t\t\t\t<\/div>\n\t\t\t\t\t\t\t\t<div class=\"elementor-field-group elementor-column elementor-field-type-submit elementor-col-100 e-form__buttons\">\n\t\t\t\t\t<button class=\"elementor-button elementor-size-sm\" type=\"submit\">\n\t\t\t\t\t\t<span class=\"elementor-button-content-wrapper\">\n\t\t\t\t\t\t\t\t\t\t\t\t\t\t\t\t\t\t\t\t\t\t<span class=\"elementor-button-text\">Send<\/span>\n\t\t\t\t\t\t\t\t\t\t\t\t\t<\/span>\n\t\t\t\t\t<\/button>\n\t\t\t\t<\/div>\n\t\t\t<\/div>\n\t\t<\/form>\n\t\t\t\t\t\t<\/div>\n\t\t\t\t<\/div>\n\t\t\t\t<\/div>\n\t\t\t\t<\/div>\n\t\t\t\t<\/div>\n\t\t","protected":false},"excerpt":{"rendered":"<p>Kinderfest 2025Gemeinsam haben wir ein wundersch\u00f6nes 4. Kinderfest erlebt.Click Here Rhein Verein f\u00fcr Integration, Kultur und Dialog Verein Rhein wurde im Jahr 2024 in Graub\u00fcnden von einer Gruppe von Freiwilligen gegr\u00fcndet. Der Verein konzentriert sich darauf, den Fortschritt in der Weiterbildung von Jugendlichen und Erwachsenen in verschiedenen Bereichen zu f\u00f6rdern, eine schnelle und erfolgreiche Integration [&hellip;]<\/p>\n","protected":false},"author":1,"featured_media":0,"parent":0,"menu_order":0,"comment_status":"closed","ping_status":"closed","template":"","meta":{"footnotes":""},"class_list":["post-131","page","type-page","status-publish","hentry"],"_links":{"self":[{"href":"https:\/\/vereinrhein.ch\/index.php?rest_route=\/wp\/v2\/pages\/131","targetHints":{"allow":["GET"]}}],"collection":[{"href":"https:\/\/vereinrhein.ch\/index.php?rest_route=\/wp\/v2\/pages"}],"about":[{"href":"https:\/\/vereinrhein.ch\/index.php?rest_route=\/wp\/v2\/types\/page"}],"author":[{"embeddable":true,"href":"https:\/\/vereinrhein.ch\/index.php?rest_route=\/wp\/v2\/users\/1"}],"replies":[{"embeddable":true,"href":"https:\/\/vereinrhein.ch\/index.php?rest_route=%2Fwp%2Fv2%2Fcomments&post=131"}],"version-history":[{"count":127,"href":"https:\/\/vereinrhein.ch\/index.php?rest_route=\/wp\/v2\/pages\/131\/revisions"}],"predecessor-version":[{"id":858,"href":"https:\/\/vereinrhein.ch\/index.php?rest_route=\/wp\/v2\/pages\/131\/revisions\/858"}],"wp:attachment":[{"href":"https:\/\/vereinrhein.ch\/index.php?rest_route=%2Fwp%2Fv2%2Fmedia&parent=131"}],"curies":[{"name":"wp","href":"https:\/\/api.w.org\/{rel}","templated":true}]}}

<div data-elementor-type="wp-page" data-elementor-id="131" class="elementor elementor-131" data-elementor-post-type="page">
				<div class="elementor-element elementor-element-4b3b004 e-con-full e-flex e-con e-parent" data-id="4b3b004" data-element_type="container" data-e-type="container" data-settings="{&quot;background_background&quot;:&quot;classic&quot;,&quot;ekit_has_onepagescroll_dot&quot;:&quot;yes&quot;}">
				<div class="elementor-element elementor-element-fb03421 elementor-widget__width-inherit elementor-widget-mobile__width-inherit elementor--h-position-center elementor--v-position-middle elementor-arrows-position-inside elementor-pagination-position-inside elementor-widget elementor-widget-slides" data-id="fb03421" data-element_type="widget" data-e-type="widget" data-settings="{&quot;navigation&quot;:&quot;both&quot;,&quot;autoplay&quot;:&quot;yes&quot;,&quot;pause_on_hover&quot;:&quot;yes&quot;,&quot;pause_on_interaction&quot;:&quot;yes&quot;,&quot;autoplay_speed&quot;:5000,&quot;infinite&quot;:&quot;yes&quot;,&quot;transition&quot;:&quot;slide&quot;,&quot;transition_speed&quot;:500,&quot;ekit_we_effect_on&quot;:&quot;none&quot;}" data-widget_type="slides.default">
				<div class="elementor-widget-container">
									<div class="elementor-swiper">
					<div class="elementor-slides-wrapper elementor-main-swiper swiper" role="region" aria-roledescription="carousel" aria-label="Slides" dir="ltr" data-animation="fadeInUp">
				<div class="swiper-wrapper elementor-slides">
										<div class="elementor-repeater-item-1dcc1fa swiper-slide" role="group" aria-roledescription="slide"><div class="swiper-slide-bg elementor-ken-burns elementor-ken-burns--in" role="img"></div><div class="elementor-background-overlay"></div><a class="swiper-slide-inner" href="https://vereinrhein.ch/?page_id=142"><div class="swiper-slide-contents"><div class="elementor-slide-heading">Kinderfest 2025</div><div class="elementor-slide-description">Gemeinsam haben wir ein wunderschönes 

4. Kinderfest erlebt.</div><div  class="elementor-button elementor-slide-button elementor-size-sm">Click Here</div></div></a></div>				</div>
							</div>
				</div>
								</div>
				</div>
				</div>
		<div class="elementor-element elementor-element-ac29067 e-con-full e-flex e-con e-parent" data-id="ac29067" data-element_type="container" data-e-type="container" data-settings="{&quot;ekit_has_onepagescroll_dot&quot;:&quot;yes&quot;}">
		<div class="elementor-element elementor-element-c5589b6 e-con-full e-flex e-con e-child" data-id="c5589b6" data-element_type="container" data-e-type="container" data-settings="{&quot;ekit_has_onepagescroll_dot&quot;:&quot;yes&quot;}">
				<div class="elementor-element elementor-element-1147487 elementor-widget elementor-widget-heading" data-id="1147487" data-element_type="widget" data-e-type="widget" data-settings="{&quot;ekit_we_effect_on&quot;:&quot;none&quot;}" data-widget_type="heading.default">
				<div class="elementor-widget-container">
					<h3 class="elementor-heading-title elementor-size-default">Rhein Verein für Integration, Kultur und Dialog</h3>				</div>
				</div>
				<div class="elementor-element elementor-element-ff49a86 elementor-widget elementor-widget-text-editor" data-id="ff49a86" data-element_type="widget" data-e-type="widget" data-settings="{&quot;ekit_we_effect_on&quot;:&quot;none&quot;}" data-widget_type="text-editor.default">
				<div class="elementor-widget-container">
									<p>Verein Rhein wurde im Jahr 2024 in Graubünden von einer Gruppe von Freiwilligen gegründet. Der Verein konzentriert sich darauf, den Fortschritt in der Weiterbildung von Jugendlichen und Erwachsenen in verschiedenen Bereichen zu fördern, eine schnelle und erfolgreiche Integration in die Schweiz und die Schweizer Gesellschaft zu ermöglichen und für die Schweiz und die Schweizer Gemeinschaft von Nutzen zu sein.</p><p>Unser Verein fördert nicht nur den Wissensaustausch für seine Mitglieder und deren Familienmitglieder in vielen Bereichen, sondern organisiert auch interkulturelle Dialoge und Veranstaltungen, um Vorurteile abzubauen. Darüber hinaus unterstützt er Menschen, die aus verschiedenen Gründen in die Schweiz migrieren mussten. Kurz gesagt, unsere Schwerpunkte liegen auf Bildung, interkulturelle Dialog und Integration.</p>								</div>
				</div>
				</div>
		<div class="elementor-element elementor-element-38f7d0a e-con-full e-flex e-con e-child" data-id="38f7d0a" data-element_type="container" data-e-type="container" data-settings="{&quot;ekit_has_onepagescroll_dot&quot;:&quot;yes&quot;}">
				<div class="elementor-element elementor-element-645bbce elementor-widget elementor-widget-image" data-id="645bbce" data-element_type="widget" data-e-type="widget" data-settings="{&quot;ekit_we_effect_on&quot;:&quot;none&quot;}" data-widget_type="image.default">
				<div class="elementor-widget-container">
															<img fetchpriority="high" decoding="async" width="800" height="480" src="https://vereinrhein.ch/wp-content/uploads/2025/05/bildschirmfoto-2024-05-10-um-00.58.36-1716072966.webp" class="attachment-large size-large wp-image-283" alt="" srcset="https://vereinrhein.ch/wp-content/uploads/2025/05/bildschirmfoto-2024-05-10-um-00.58.36-1716072966.webp 960w, https://vereinrhein.ch/wp-content/uploads/2025/05/bildschirmfoto-2024-05-10-um-00.58.36-1716072966-300x180.webp 300w, https://vereinrhein.ch/wp-content/uploads/2025/05/bildschirmfoto-2024-05-10-um-00.58.36-1716072966-768x461.webp 768w" sizes="(max-width: 800px) 100vw, 800px" />															</div>
				</div>
				</div>
				</div>
		<div class="elementor-element elementor-element-275eb54 e-con-full e-flex e-con e-parent" data-id="275eb54" data-element_type="container" data-e-type="container" data-settings="{&quot;ekit_has_onepagescroll_dot&quot;:&quot;yes&quot;}">
		<div class="elementor-element elementor-element-c8e2a82 e-con-full e-flex e-con e-child" data-id="c8e2a82" data-element_type="container" data-e-type="container" data-settings="{&quot;ekit_has_onepagescroll_dot&quot;:&quot;yes&quot;}">
				<div class="elementor-element elementor-element-0514c4a elementor-widget elementor-widget-google_maps" data-id="0514c4a" data-element_type="widget" data-e-type="widget" data-settings="{&quot;ekit_we_effect_on&quot;:&quot;none&quot;}" data-widget_type="google_maps.default">
				<div class="elementor-widget-container">
							<div class="elementor-custom-embed">
			<iframe loading="lazy"
					src="https://maps.google.com/maps?q=Wagnergasse%205%207000%20Chur&#038;t=m&#038;z=16&#038;output=embed&#038;iwloc=near"
					title="Wagnergasse 5 7000 Chur"
					aria-label="Wagnergasse 5 7000 Chur"
			></iframe>
		</div>
						</div>
				</div>
				</div>
		<div class="elementor-element elementor-element-78a73d2 e-con-full e-flex e-con e-child" data-id="78a73d2" data-element_type="container" data-e-type="container" data-settings="{&quot;ekit_has_onepagescroll_dot&quot;:&quot;yes&quot;}">
				<div class="elementor-element elementor-element-c9a698d elementor-button-align-stretch elementor-widget elementor-widget-form" data-id="c9a698d" data-element_type="widget" data-e-type="widget" data-settings="{&quot;step_next_label&quot;:&quot;Next&quot;,&quot;step_previous_label&quot;:&quot;Previous&quot;,&quot;button_width&quot;:&quot;100&quot;,&quot;step_type&quot;:&quot;number_text&quot;,&quot;step_icon_shape&quot;:&quot;circle&quot;,&quot;ekit_we_effect_on&quot;:&quot;none&quot;}" data-widget_type="form.default">
				<div class="elementor-widget-container">
							<form class="elementor-form" method="post" name="New Form">
			<input type="hidden" name="post_id" value="131"/>
			<input type="hidden" name="form_id" value="c9a698d"/>
			<input type="hidden" name="referer_title" value="" />

							<input type="hidden" name="queried_id" value="131"/>
			
			<div class="elementor-form-fields-wrapper elementor-labels-above">
								<div class="elementor-field-type-text elementor-field-group elementor-column elementor-field-group-name elementor-col-100">
												<label for="form-field-name" class="elementor-field-label">
								Name							</label>
														<input size="1" type="text" name="form_fields[name]" id="form-field-name" class="elementor-field elementor-size-sm  elementor-field-textual" placeholder="Name">
											</div>
								<div class="elementor-field-type-email elementor-field-group elementor-column elementor-field-group-email elementor-col-100 elementor-field-required">
												<label for="form-field-email" class="elementor-field-label">
								Email							</label>
														<input size="1" type="email" name="form_fields[email]" id="form-field-email" class="elementor-field elementor-size-sm  elementor-field-textual" placeholder="Email" required="required">
											</div>
								<div class="elementor-field-type-textarea elementor-field-group elementor-column elementor-field-group-message elementor-col-100">
												<label for="form-field-message" class="elementor-field-label">
								Message							</label>
						<textarea class="elementor-field-textual elementor-field  elementor-size-sm" name="form_fields[message]" id="form-field-message" rows="4" placeholder="Message"></textarea>				</div>
								<div class="elementor-field-group elementor-column elementor-field-type-submit elementor-col-100 e-form__buttons">
					<button class="elementor-button elementor-size-sm" type="submit">
						<span class="elementor-button-content-wrapper">
																						<span class="elementor-button-text">Send</span>
													</span>
					</button>
				</div>
			</div>
		</form>
						</div>
				</div>
				</div>
				</div>
				</div>

<p>Kinderfest 2025Gemeinsam haben wir ein wunderschönes 4. Kinderfest erlebt.Click Here Rhein Verein für Integration, Kultur und Dialog Verein Rhein wurde im Jahr 2024 in Graubünden von einer Gruppe von Freiwilligen gegründet. Der Verein konzentriert sich darauf, den Fortschritt in der Weiterbildung von Jugendlichen und Erwachsenen in verschiedenen Bereichen zu fördern, eine schnelle und erfolgreiche Integration [&hellip;]</p>
